{"id":1894,"date":"2023-08-01T11:47:48","date_gmt":"2023-08-01T11:47:48","guid":{"rendered":"https:\/\/cocon.com.ar\/?post_type=product&#038;p=1894"},"modified":"2023-09-13T19:14:17","modified_gmt":"2023-09-13T19:14:17","slug":"silla-eiffel","status":"publish","type":"product","link":"https:\/\/cocon.com.ar\/es\/product\/silla-eiffel\/","title":{"rendered":"Silla Eiffel"},"content":{"rendered":"<p>La Silla Eiffel tiene un dise\u00f1o de estilo Frances, es innovador, cl\u00e1sico y elegante.<br \/>\nTiene una apariencia de delicada filigrana que contrasta con su resistencia y durabilidad.<br \/>\nEs una silla cl\u00e1sica que hoy en d\u00eda sigue siendo elegida por su gran versatilidad ya que es ideal tanto para exterior como para interior.<br \/>\nEsta construida en hierro trefilado de acero soldado y cromado tiene regatones inferiores para evitar ralladuras en superficies.<br \/>\nSilla Industrial Eiffel<\/p>\n<p>La Silla Eiffel gracias a su estilo, funcionalidad y atemporal dise\u00f1o, son el complemento perfecto para cualquier espacio, ya sea el comedor, la cocina o el sal\u00f3n de tu hogar. En otras palabras, una silla de estilo industrial.<br \/>\nEl hierro trefilado de acero soldado, viene en distintos colores como el negro, blanco, cobreado y cromado.<br \/>\nEsta silla industrial tiene un dise\u00f1o cl\u00e1sico, el cual combina perfectamente con nuestra mesa cruz &amp; mesa valentino realizadas en su totalidad en acero soldado, incluyendo su almohad\u00f3n el cual le brinda m\u00e1s comodida y calidez tanto a la silla como a los espacios. Para Comedor, para cocina, para salones de eventos, bares, el quincho de tu casa o una galer\u00eda visten el ambiente y combinan con el hierro de la mesa, la iluminaci\u00f3n y objetos decorativos varios en yute o ratan.<br \/>\nEn conclusi\u00f3n, nuestro modelo de Silla Eiffel, puede convivir tranquilamente con infinidad de mesas y estilos posibles, por ejemplo: deco industrial, vintage, moderno, entre otros.<\/p>\n<p>Silla Industrial<br \/>\nEste modelo de silla industrial cl\u00e1sica es muy utilizada en interiores de hogares sobre todo para complementar espacios de cocina, pero mayormente se encuentran siendo protagonistas de espacios gastron\u00f3micos como caf\u00e9s, restaurantes y bares.<br \/>\nC\u00f3modas y vers\u00e1tiles, se adaptan a todos los ambientes y estilos. Muchos restos y bares est\u00e1n usando nuestras sillas por su estilo clasico. Tienen un peso de 7 kilos, y resisten casi 180 kilos de peso. Somos fabricantes directos. Podemos realizar otros modelos de sillas, banquetas y sillones como ver\u00e1s en productos relacionados. Como la Silla &amp; Banqueta Eiiffel.<\/p>\n<p>MEDIDAS: 45 cm an x 40 cm pr x 47 cm alt al asiento (84 cm al total)<\/p>\n<p>CUIDADO Y MANTENIMIENTO:<br \/>\nEn espacios exteriores se recomienda que est\u00e9n semi techados o que se cubra con alguna funda para preservar el producto por largo tiempo.<br \/>\nNo exponerlo al fuego o cerca del mismo, por ejemplo una parrilla.<br \/>\nSe puede limpiar con una pa\u00f1o o esponja h\u00fameda<\/p>","protected":false},"excerpt":{"rendered":"<p>La Silla Eiffel tiene un dise\u00f1o de estilo Frances, es innovador, cl\u00e1sico y elegante. Tiene una apariencia de delicada filigrana que contrasta con su resistencia y durabilidad. Es una silla cl\u00e1sica que hoy en d\u00eda sigue siendo elegida por su gran versatilidad ya que es ideal tanto para exterior como para interior. Esta construida en [&hellip;]<\/p>","protected":false},"featured_media":2880,"comment_status":"closed","ping_status":"closed","template":"","meta":{"inline_featured_image":false,"_joinchat":[]},"product_cat":[138,134],"product_tag":[155,203,200,202,196,220],"class_list":["post-1894","product","type-product","status-publish","has-post-thumbnail","hentry","product_cat-comedor","product_cat-sillas","product_tag-exterior","product_tag-silla-comedor","product_tag-silla-galeria","product_tag-silla-hierro","product_tag-silla-industrial","product_tag-silla-vintage"],"yoast_head":"<!-- This site is optimized with the Yoast SEO plugin v26.5 - https:\/\/yoast.com\/wordpress\/plugins\/seo\/ -->\n<title>Silla Eiffel - Cocon - Somos Fabricantes - Silla Eiffel<\/title>\n<meta name=\"description\" content=\"\u00a1Incre\u00edble silla industrial! No te pierdas la oportunidad de tener las tuyas. ingresa a nuestra tienda para ver colores y m\u00e1s modelos. Consultar Stock!\" \/>\n<meta name=\"robots\" content=\"noindex, follow, max-snippet:-1, max-image-preview:large, max-video-preview:-1\" \/>\n<meta property=\"og:locale\" content=\"es_ES\" \/>\n<meta property=\"og:type\" content=\"article\" \/>\n<meta property=\"og:title\" content=\"Silla Eiffel - Cocon - Somos Fabricantes - Silla Eiffel\" \/>\n<meta property=\"og:description\" content=\"\u00a1Incre\u00edble silla industrial! No te pierdas la oportunidad de tener las tuyas. ingresa a nuestra tienda para ver colores y m\u00e1s modelos. Consultar Stock!\" \/>\n<meta property=\"og:url\" content=\"https:\/\/cocon.com.ar\/es\/product\/silla-eiffel\/\" \/>\n<meta property=\"og:site_name\" content=\"Cocon\" \/>\n<meta property=\"article:publisher\" content=\"http:\/\/facebook.com\/cocon.muebles\" \/>\n<meta property=\"article:modified_time\" content=\"2023-09-13T19:14:17+00:00\" \/>\n<meta property=\"og:image\" content=\"https:\/\/cocon.com.ar\/wp-content\/uploads\/2023\/08\/silla-eiffel.png\" \/>\n\t<meta property=\"og:image:width\" content=\"600\" \/>\n\t<meta property=\"og:image:height\" content=\"600\" \/>\n\t<meta property=\"og:image:type\" content=\"image\/png\" \/>\n<meta name=\"twitter:card\" content=\"summary_large_image\" \/>\n<meta name=\"twitter:label1\" content=\"Tiempo de lectura\" \/>\n\t<meta name=\"twitter:data1\" content=\"2 minutos\" \/>\n<script type=\"application\/ld+json\" class=\"yoast-schema-graph\">{\"@context\":\"https:\/\/schema.org\",\"@graph\":[{\"@type\":\"WebPage\",\"@id\":\"https:\/\/cocon.com.ar\/product\/silla-eiffel\/\",\"url\":\"https:\/\/cocon.com.ar\/product\/silla-eiffel\/\",\"name\":\"Silla Eiffel - Cocon - Somos Fabricantes - Silla Eiffel\",\"isPartOf\":{\"@id\":\"https:\/\/cocon.com.ar\/#website\"},\"primaryImageOfPage\":{\"@id\":\"https:\/\/cocon.com.ar\/product\/silla-eiffel\/#primaryimage\"},\"image\":{\"@id\":\"https:\/\/cocon.com.ar\/product\/silla-eiffel\/#primaryimage\"},\"thumbnailUrl\":\"https:\/\/cocon.com.ar\/wp-content\/uploads\/2023\/08\/silla-eiffel.png\",\"datePublished\":\"2023-08-01T11:47:48+00:00\",\"dateModified\":\"2023-09-13T19:14:17+00:00\",\"description\":\"\u00a1Incre\u00edble silla industrial! No te pierdas la oportunidad de tener las tuyas. ingresa a nuestra tienda para ver colores y m\u00e1s modelos. Consultar Stock!\",\"breadcrumb\":{\"@id\":\"https:\/\/cocon.com.ar\/product\/silla-eiffel\/#breadcrumb\"},\"inLanguage\":\"es-AR\",\"potentialAction\":[{\"@type\":\"ReadAction\",\"target\":[\"https:\/\/cocon.com.ar\/product\/silla-eiffel\/\"]}]},{\"@type\":\"ImageObject\",\"inLanguage\":\"es-AR\",\"@id\":\"https:\/\/cocon.com.ar\/product\/silla-eiffel\/#primaryimage\",\"url\":\"https:\/\/cocon.com.ar\/wp-content\/uploads\/2023\/08\/silla-eiffel.png\",\"contentUrl\":\"https:\/\/cocon.com.ar\/wp-content\/uploads\/2023\/08\/silla-eiffel.png\",\"width\":600,\"height\":600},{\"@type\":\"BreadcrumbList\",\"@id\":\"https:\/\/cocon.com.ar\/product\/silla-eiffel\/#breadcrumb\",\"itemListElement\":[{\"@type\":\"ListItem\",\"position\":1,\"name\":\"Portada\",\"item\":\"https:\/\/cocon.com.ar\/\"},{\"@type\":\"ListItem\",\"position\":2,\"name\":\"Shop\",\"item\":\"https:\/\/cocon.com.ar\/shop\/\"},{\"@type\":\"ListItem\",\"position\":3,\"name\":\"Silla Eiffel\"}]},{\"@type\":\"WebSite\",\"@id\":\"https:\/\/cocon.com.ar\/#website\",\"url\":\"https:\/\/cocon.com.ar\/\",\"name\":\"Cocon\",\"description\":\"Estudio de Interiorismo_ Styling &amp; Deco\",\"publisher\":{\"@id\":\"https:\/\/cocon.com.ar\/#organization\"},\"potentialAction\":[{\"@type\":\"SearchAction\",\"target\":{\"@type\":\"EntryPoint\",\"urlTemplate\":\"https:\/\/cocon.com.ar\/?s={search_term_string}\"},\"query-input\":{\"@type\":\"PropertyValueSpecification\",\"valueRequired\":true,\"valueName\":\"search_term_string\"}}],\"inLanguage\":\"es-AR\"},{\"@type\":\"Organization\",\"@id\":\"https:\/\/cocon.com.ar\/#organization\",\"name\":\"Cocon\",\"url\":\"https:\/\/cocon.com.ar\/\",\"logo\":{\"@type\":\"ImageObject\",\"inLanguage\":\"es-AR\",\"@id\":\"https:\/\/cocon.com.ar\/#\/schema\/logo\/image\/\",\"url\":\"https:\/\/cocon.com.ar\/wp-content\/uploads\/2023\/09\/cropped-cropped-ei_1695218943890-removebg-preview.png\",\"contentUrl\":\"https:\/\/cocon.com.ar\/wp-content\/uploads\/2023\/09\/cropped-cropped-ei_1695218943890-removebg-preview.png\",\"width\":512,\"height\":341,\"caption\":\"Cocon\"},\"image\":{\"@id\":\"https:\/\/cocon.com.ar\/#\/schema\/logo\/image\/\"},\"sameAs\":[\"http:\/\/facebook.com\/cocon.muebles\",\"https:\/\/www.instagram.com\/cocon.deco\",\"https:\/\/www.youtube.com\/@cocon663\"]}]}<\/script>\n<!-- \/ Yoast SEO plugin. -->","yoast_head_json":{"title":"Silla Eiffel - Cocon - Somos Fabricantes - Silla Eiffel","description":"\u00a1Incre\u00edble silla industrial! No te pierdas la oportunidad de tener las tuyas. ingresa a nuestra tienda para ver colores y m\u00e1s modelos. Consultar Stock!","robots":{"index":"noindex","follow":"follow","max-snippet":"max-snippet:-1","max-image-preview":"max-image-preview:large","max-video-preview":"max-video-preview:-1"},"og_locale":"es_ES","og_type":"article","og_title":"Silla Eiffel - Cocon - Somos Fabricantes - Silla Eiffel","og_description":"\u00a1Incre\u00edble silla industrial! No te pierdas la oportunidad de tener las tuyas. ingresa a nuestra tienda para ver colores y m\u00e1s modelos. Consultar Stock!","og_url":"https:\/\/cocon.com.ar\/es\/product\/silla-eiffel\/","og_site_name":"Cocon","article_publisher":"http:\/\/facebook.com\/cocon.muebles","article_modified_time":"2023-09-13T19:14:17+00:00","og_image":[{"width":600,"height":600,"url":"https:\/\/cocon.com.ar\/wp-content\/uploads\/2023\/08\/silla-eiffel.png","type":"image\/png"}],"twitter_card":"summary_large_image","twitter_misc":{"Tiempo de lectura":"2 minutos"},"schema":{"@context":"https:\/\/schema.org","@graph":[{"@type":"WebPage","@id":"https:\/\/cocon.com.ar\/product\/silla-eiffel\/","url":"https:\/\/cocon.com.ar\/product\/silla-eiffel\/","name":"Silla Eiffel - Cocon - Somos Fabricantes - Silla Eiffel","isPartOf":{"@id":"https:\/\/cocon.com.ar\/#website"},"primaryImageOfPage":{"@id":"https:\/\/cocon.com.ar\/product\/silla-eiffel\/#primaryimage"},"image":{"@id":"https:\/\/cocon.com.ar\/product\/silla-eiffel\/#primaryimage"},"thumbnailUrl":"https:\/\/cocon.com.ar\/wp-content\/uploads\/2023\/08\/silla-eiffel.png","datePublished":"2023-08-01T11:47:48+00:00","dateModified":"2023-09-13T19:14:17+00:00","description":"\u00a1Incre\u00edble silla industrial! No te pierdas la oportunidad de tener las tuyas. ingresa a nuestra tienda para ver colores y m\u00e1s modelos. Consultar Stock!","breadcrumb":{"@id":"https:\/\/cocon.com.ar\/product\/silla-eiffel\/#breadcrumb"},"inLanguage":"es-AR","potentialAction":[{"@type":"ReadAction","target":["https:\/\/cocon.com.ar\/product\/silla-eiffel\/"]}]},{"@type":"ImageObject","inLanguage":"es-AR","@id":"https:\/\/cocon.com.ar\/product\/silla-eiffel\/#primaryimage","url":"https:\/\/cocon.com.ar\/wp-content\/uploads\/2023\/08\/silla-eiffel.png","contentUrl":"https:\/\/cocon.com.ar\/wp-content\/uploads\/2023\/08\/silla-eiffel.png","width":600,"height":600},{"@type":"BreadcrumbList","@id":"https:\/\/cocon.com.ar\/product\/silla-eiffel\/#breadcrumb","itemListElement":[{"@type":"ListItem","position":1,"name":"Portada","item":"https:\/\/cocon.com.ar\/"},{"@type":"ListItem","position":2,"name":"Shop","item":"https:\/\/cocon.com.ar\/shop\/"},{"@type":"ListItem","position":3,"name":"Silla Eiffel"}]},{"@type":"WebSite","@id":"https:\/\/cocon.com.ar\/#website","url":"https:\/\/cocon.com.ar\/","name":"Cocon","description":"Estudio de Interiorismo_ Styling &amp; Deco","publisher":{"@id":"https:\/\/cocon.com.ar\/#organization"},"potentialAction":[{"@type":"SearchAction","target":{"@type":"EntryPoint","urlTemplate":"https:\/\/cocon.com.ar\/?s={search_term_string}"},"query-input":{"@type":"PropertyValueSpecification","valueRequired":true,"valueName":"search_term_string"}}],"inLanguage":"es-AR"},{"@type":"Organization","@id":"https:\/\/cocon.com.ar\/#organization","name":"Cocon","url":"https:\/\/cocon.com.ar\/","logo":{"@type":"ImageObject","inLanguage":"es-AR","@id":"https:\/\/cocon.com.ar\/#\/schema\/logo\/image\/","url":"https:\/\/cocon.com.ar\/wp-content\/uploads\/2023\/09\/cropped-cropped-ei_1695218943890-removebg-preview.png","contentUrl":"https:\/\/cocon.com.ar\/wp-content\/uploads\/2023\/09\/cropped-cropped-ei_1695218943890-removebg-preview.png","width":512,"height":341,"caption":"Cocon"},"image":{"@id":"https:\/\/cocon.com.ar\/#\/schema\/logo\/image\/"},"sameAs":["http:\/\/facebook.com\/cocon.muebles","https:\/\/www.instagram.com\/cocon.deco","https:\/\/www.youtube.com\/@cocon663"]}]}},"_links":{"self":[{"href":"https:\/\/cocon.com.ar\/es\/wp-json\/wp\/v2\/product\/1894","targetHints":{"allow":["GET"]}}],"collection":[{"href":"https:\/\/cocon.com.ar\/es\/wp-json\/wp\/v2\/product"}],"about":[{"href":"https:\/\/cocon.com.ar\/es\/wp-json\/wp\/v2\/types\/product"}],"replies":[{"embeddable":true,"href":"https:\/\/cocon.com.ar\/es\/wp-json\/wp\/v2\/comments?post=1894"}],"wp:featuredmedia":[{"embeddable":true,"href":"https:\/\/cocon.com.ar\/es\/wp-json\/wp\/v2\/media\/2880"}],"wp:attachment":[{"href":"https:\/\/cocon.com.ar\/es\/wp-json\/wp\/v2\/media?parent=1894"}],"wp:term":[{"taxonomy":"product_cat","embeddable":true,"href":"https:\/\/cocon.com.ar\/es\/wp-json\/wp\/v2\/product_cat?post=1894"},{"taxonomy":"product_tag","embeddable":true,"href":"https:\/\/cocon.com.ar\/es\/wp-json\/wp\/v2\/product_tag?post=1894"}],"curies":[{"name":"wp","href":"https:\/\/api.w.org\/{rel}","templated":true}]}}

<p>La Silla Eiffel tiene un diseño de estilo Frances, es innovador, clásico y elegante.<br />
Tiene una apariencia de delicada filigrana que contrasta con su resistencia y durabilidad.<br />
Es una silla clásica que hoy en día sigue siendo elegida por su gran versatilidad ya que es ideal tanto para exterior como para interior.<br />
Esta construida en hierro trefilado de acero soldado y cromado tiene regatones inferiores para evitar ralladuras en superficies.<br />
Silla Industrial Eiffel</p>
<p>La Silla Eiffel gracias a su estilo, funcionalidad y atemporal diseño, son el complemento perfecto para cualquier espacio, ya sea el comedor, la cocina o el salón de tu hogar. En otras palabras, una silla de estilo industrial.<br />
El hierro trefilado de acero soldado, viene en distintos colores como el negro, blanco, cobreado y cromado.<br />
Esta silla industrial tiene un diseño clásico, el cual combina perfectamente con nuestra mesa cruz &amp; mesa valentino realizadas en su totalidad en acero soldado, incluyendo su almohadón el cual le brinda más comodida y calidez tanto a la silla como a los espacios. Para Comedor, para cocina, para salones de eventos, bares, el quincho de tu casa o una galería visten el ambiente y combinan con el hierro de la mesa, la iluminación y objetos decorativos varios en yute o ratan.<br />
En conclusión, nuestro modelo de Silla Eiffel, puede convivir tranquilamente con infinidad de mesas y estilos posibles, por ejemplo: deco industrial, vintage, moderno, entre otros.</p>
<p>Silla Industrial<br />
Este modelo de silla industrial clásica es muy utilizada en interiores de hogares sobre todo para complementar espacios de cocina, pero mayormente se encuentran siendo protagonistas de espacios gastronómicos como cafés, restaurantes y bares.<br />
Cómodas y versátiles, se adaptan a todos los ambientes y estilos. Muchos restos y bares están usando nuestras sillas por su estilo clasico. Tienen un peso de 7 kilos, y resisten casi 180 kilos de peso. Somos fabricantes directos. Podemos realizar otros modelos de sillas, banquetas y sillones como verás en productos relacionados. Como la Silla &amp; Banqueta Eiiffel.</p>
<p>MEDIDAS: 45 cm an x 40 cm pr x 47 cm alt al asiento (84 cm al total)</p>
<p>CUIDADO Y MANTENIMIENTO:<br />
En espacios exteriores se recomienda que estén semi techados o que se cubra con alguna funda para preservar el producto por largo tiempo.<br />
No exponerlo al fuego o cerca del mismo, por ejemplo una parrilla.<br />
Se puede limpiar con una paño o esponja húmeda</p>

<p>La Silla Eiffel tiene un diseño de estilo Frances, es innovador, clásico y elegante. Tiene una apariencia de delicada filigrana que contrasta con su resistencia y durabilidad. Es una silla clásica que hoy en día sigue siendo elegida por su gran versatilidad ya que es ideal tanto para exterior como para interior. Esta construida en [&hellip;]</p>

<!-- This site is optimized with the Yoast SEO plugin v26.5 - https://yoast.com/wordpress/plugins/seo/ -->
<title>Silla Eiffel - Cocon - Somos Fabricantes - Silla Eiffel</title>
<meta name="description" content="¡Increíble silla industrial! No te pierdas la oportunidad de tener las tuyas. ingresa a nuestra tienda para ver colores y más modelos. Consultar Stock!" />
<meta name="robots" content="noindex, follow, max-snippet:-1, max-image-preview:large, max-video-preview:-1" />
<meta property="og:locale" content="es_ES" />
<meta property="og:type" content="article" />
<meta property="og:title" content="Silla Eiffel - Cocon - Somos Fabricantes - Silla Eiffel" />
<meta property="og:description" content="¡Increíble silla industrial! No te pierdas la oportunidad de tener las tuyas. ingresa a nuestra tienda para ver colores y más modelos. Consultar Stock!" />
<meta property="og:url" content="https://cocon.com.ar/es/product/silla-eiffel/" />
<meta property="og:site_name" content="Cocon" />
<meta property="article:publisher" content="http://facebook.com/cocon.muebles" />
<meta property="article:modified_time" content="2023-09-13T19:14:17+00:00" />
<meta property="og:image" content="https://cocon.com.ar/wp-content/uploads/2023/08/silla-eiffel.png" />
	<meta property="og:image:width" content="600" />
	<meta property="og:image:height" content="600" />
	<meta property="og:image:type" content="image/png" />
<meta name="twitter:card" content="summary_large_image" />
<meta name="twitter:label1" content="Tiempo de lectura" />
	<meta name="twitter:data1" content="2 minutos" />
<script type="application/ld+json" class="yoast-schema-graph">{"@context":"https://schema.org","@graph":[{"@type":"WebPage","@id":"https://cocon.com.ar/product/silla-eiffel/","url":"https://cocon.com.ar/product/silla-eiffel/","name":"Silla Eiffel - Cocon - Somos Fabricantes - Silla Eiffel","isPartOf":{"@id":"https://cocon.com.ar/#website"},"primaryImageOfPage":{"@id":"https://cocon.com.ar/product/silla-eiffel/#primaryimage"},"image":{"@id":"https://cocon.com.ar/product/silla-eiffel/#primaryimage"},"thumbnailUrl":"https://cocon.com.ar/wp-content/uploads/2023/08/silla-eiffel.png","datePublished":"2023-08-01T11:47:48+00:00","dateModified":"2023-09-13T19:14:17+00:00","description":"¡Increíble silla industrial! No te pierdas la oportunidad de tener las tuyas. ingresa a nuestra tienda para ver colores y más modelos. Consultar Stock!","breadcrumb":{"@id":"https://cocon.com.ar/product/silla-eiffel/#breadcrumb"},"inLanguage":"es-AR","potentialAction":[{"@type":"ReadAction","target":["https://cocon.com.ar/product/silla-eiffel/"]}]},{"@type":"ImageObject","inLanguage":"es-AR","@id":"https://cocon.com.ar/product/silla-eiffel/#primaryimage","url":"https://cocon.com.ar/wp-content/uploads/2023/08/silla-eiffel.png","contentUrl":"https://cocon.com.ar/wp-content/uploads/2023/08/silla-eiffel.png","width":600,"height":600},{"@type":"BreadcrumbList","@id":"https://cocon.com.ar/product/silla-eiffel/#breadcrumb","itemListElement":[{"@type":"ListItem","position":1,"name":"Portada","item":"https://cocon.com.ar/"},{"@type":"ListItem","position":2,"name":"Shop","item":"https://cocon.com.ar/shop/"},{"@type":"ListItem","position":3,"name":"Silla Eiffel"}]},{"@type":"WebSite","@id":"https://cocon.com.ar/#website","url":"https://cocon.com.ar/","name":"Cocon","description":"Estudio de Interiorismo_ Styling &amp; Deco","publisher":{"@id":"https://cocon.com.ar/#organization"},"potentialAction":[{"@type":"SearchAction","target":{"@type":"EntryPoint","urlTemplate":"https://cocon.com.ar/?s={search_term_string}"},"query-input":{"@type":"PropertyValueSpecification","valueRequired":true,"valueName":"search_term_string"}}],"inLanguage":"es-AR"},{"@type":"Organization","@id":"https://cocon.com.ar/#organization","name":"Cocon","url":"https://cocon.com.ar/","logo":{"@type":"ImageObject","inLanguage":"es-AR","@id":"https://cocon.com.ar/#/schema/logo/image/","url":"https://cocon.com.ar/wp-content/uploads/2023/09/cropped-cropped-ei_1695218943890-removebg-preview.png","contentUrl":"https://cocon.com.ar/wp-content/uploads/2023/09/cropped-cropped-ei_1695218943890-removebg-preview.png","width":512,"height":341,"caption":"Cocon"},"image":{"@id":"https://cocon.com.ar/#/schema/logo/image/"},"sameAs":["http://facebook.com/cocon.muebles","https://www.instagram.com/cocon.deco","https://www.youtube.com/@cocon663"]}]}</script>
<!-- / Yoast SEO plugin. -->

¡Increíble silla industrial! No te pierdas la oportunidad de tener las tuyas. ingresa a nuestra tienda para ver colores y más modelos. Consultar Stock!
