{"id":1961,"date":"2023-08-01T11:48:01","date_gmt":"2023-08-01T11:48:01","guid":{"rendered":"https:\/\/cocon.com.ar\/?post_type=product&#038;p=1961"},"modified":"2023-09-13T17:56:21","modified_gmt":"2023-09-13T17:56:21","slug":"silla-amsterdam","status":"publish","type":"product","link":"https:\/\/cocon.com.ar\/es\/product\/silla-amsterdam\/","title":{"rendered":"Silla Amsterdam"},"content":{"rendered":"<p>Silla Industrial<br \/>\nEsta silla industrial tiene un dise\u00f1o innovador, el cual combina perfectamente con nuestra mesa cruz &amp; mesa valentino realizadas en madera maciza con estructura en hierro y\/\u00f3 madera. Este modelo tiene su origen en el dise\u00f1o de mobiliario incaico, a finales de la d\u00e9cada del 60 y 70. El entramado en soga polipropileno permite un buen uso en cualquier ambiente. Para Comedor, para salones de eventos, bares, el quincho de tu casa o una galer\u00eda visten el ambiente y combinan con el hierro de la mesa, la iluminaci\u00f3n y objetos decorativos varios en yute o ratan.<br \/>\nSilla Estilo Industrial<br \/>\nEsta silla est\u00e1 confeccionada en hierro y entramada en soga polipropileno de dos colores posibles. Color negro y color beige simil yute. es la acompa\u00f1ante ideal de tu mesa de comedor o galer\u00eda, ya que son aptas interior y exterior.<br \/>\nC\u00f3modas y vers\u00e1tiles, se adaptan a todos los ambientes y estilos. Miles de resto y bares est\u00e1n usando nuestras sillas de modelo industrial por su forma de apilar y su comodidad. tienen un peso de 7 kilos, y resisten casi 180 kilos de peso. Se utilizan 220 metros de soga en su confecci\u00f3n, y se tensan de forma artesanal y a mano una por una. Su realizaci\u00f3n requiere de precisi\u00f3n y de pericia en la terminaci\u00f3n. Somos fabricantes directos y contamos con stock constantemente. Podemos realizar otros modelos de sillas, banquetas y sillones como ver\u00e1s en productos relacionados. Como la banqueta ibiza o la silla mallorca.<br \/>\nMATERIALES:<br \/>\nEstructura de hierro macizo 1\/2&#8243; de primera calidad.<br \/>\nEl tratamiento de pintura es por proceso electrost\u00e1tico sometiendo la pintura a altas temperaturas para su secado, lo que permite su uso tanto en interior como en exterior.<br \/>\nTejidas con soga de polipropileno simil yute. Color beige o negro.<br \/>\nIncluye topetinas.<br \/>\nMEDIDAS:<br \/>\nAncho: 42cm<br \/>\nAltura al asiento: 45cm<br \/>\nProfundidad: 40cm<br \/>\nTambi\u00e9n podr\u00eda interesarte:\u00a0<a href=\"https:\/\/cocon.com.ar\/es\/product\/banqueta-ibiza\/\">Banqueta Ibiza<\/a>, <a href=\"https:\/\/cocon.com.ar\/es\/product\/sillon-energia\/\">Sillon Energia<\/a>&amp; <a href=\"https:\/\/cocon.com.ar\/es\/product\/sillon-capri\/\">Sill\u00f3n Capri<\/a>.<\/p>","protected":false},"excerpt":{"rendered":"<p>Silla Industrial Esta silla industrial tiene un dise\u00f1o innovador, el cual combina perfectamente con nuestra mesa cruz &amp; mesa valentino realizadas en madera maciza con estructura en hierro y\/\u00f3 madera. Este modelo tiene su origen en el dise\u00f1o de mobiliario incaico, a finales de la d\u00e9cada del 60 y 70. El entramado en soga polipropileno [&hellip;]<\/p>","protected":false},"featured_media":2749,"comment_status":"closed","ping_status":"closed","template":"","meta":{"inline_featured_image":false,"_joinchat":[]},"product_cat":[138,134],"product_tag":[155,156,148,203,198,196,201],"class_list":["post-1961","product","type-product","status-publish","has-post-thumbnail","hentry","product_cat-comedor","product_cat-sillas","product_tag-exterior","product_tag-galerias","product_tag-interior","product_tag-silla-comedor","product_tag-silla-exterior","product_tag-silla-industrial","product_tag-silla-soga"],"yoast_head":"<!-- This site is optimized with the Yoast SEO plugin v26.5 - https:\/\/yoast.com\/wordpress\/plugins\/seo\/ -->\n<title>Silla Amsterdam - Cocon - Somos Fabricantes - Silla Amsterdam<\/title>\n<meta name=\"description\" content=\"\u00a1Incre\u00edble silla industrial! No te pierdas la oportunidad de tener las tuyas. ingresa a nuestra tienda para ver colores y m\u00e1s modelos. Consultar Stock!\" \/>\n<meta name=\"robots\" content=\"noindex, follow, max-snippet:-1, max-image-preview:large, max-video-preview:-1\" \/>\n<meta property=\"og:locale\" content=\"es_ES\" \/>\n<meta property=\"og:type\" content=\"article\" \/>\n<meta property=\"og:title\" content=\"Silla Amsterdam - Cocon - Somos Fabricantes - Silla Amsterdam\" \/>\n<meta property=\"og:description\" content=\"\u00a1Incre\u00edble silla industrial! No te pierdas la oportunidad de tener las tuyas. ingresa a nuestra tienda para ver colores y m\u00e1s modelos. Consultar Stock!\" \/>\n<meta property=\"og:url\" content=\"https:\/\/cocon.com.ar\/es\/product\/silla-amsterdam\/\" \/>\n<meta property=\"og:site_name\" content=\"Cocon\" \/>\n<meta property=\"article:publisher\" content=\"http:\/\/facebook.com\/cocon.muebles\" \/>\n<meta property=\"article:modified_time\" content=\"2023-09-13T17:56:21+00:00\" \/>\n<meta property=\"og:image\" content=\"https:\/\/cocon.com.ar\/wp-content\/uploads\/2023\/08\/silla-amsterdam-3.png\" \/>\n\t<meta property=\"og:image:width\" content=\"600\" \/>\n\t<meta property=\"og:image:height\" content=\"600\" \/>\n\t<meta property=\"og:image:type\" content=\"image\/png\" \/>\n<meta name=\"twitter:card\" content=\"summary_large_image\" \/>\n<meta name=\"twitter:label1\" content=\"Tiempo de lectura\" \/>\n\t<meta name=\"twitter:data1\" content=\"2 minutos\" \/>\n<script type=\"application\/ld+json\" class=\"yoast-schema-graph\">{\"@context\":\"https:\/\/schema.org\",\"@graph\":[{\"@type\":\"WebPage\",\"@id\":\"https:\/\/cocon.com.ar\/product\/silla-amsterdam\/\",\"url\":\"https:\/\/cocon.com.ar\/product\/silla-amsterdam\/\",\"name\":\"Silla Amsterdam - Cocon - Somos Fabricantes - Silla Amsterdam\",\"isPartOf\":{\"@id\":\"https:\/\/cocon.com.ar\/#website\"},\"primaryImageOfPage\":{\"@id\":\"https:\/\/cocon.com.ar\/product\/silla-amsterdam\/#primaryimage\"},\"image\":{\"@id\":\"https:\/\/cocon.com.ar\/product\/silla-amsterdam\/#primaryimage\"},\"thumbnailUrl\":\"https:\/\/cocon.com.ar\/wp-content\/uploads\/2023\/08\/silla-amsterdam-3.png\",\"datePublished\":\"2023-08-01T11:48:01+00:00\",\"dateModified\":\"2023-09-13T17:56:21+00:00\",\"description\":\"\u00a1Incre\u00edble silla industrial! No te pierdas la oportunidad de tener las tuyas. ingresa a nuestra tienda para ver colores y m\u00e1s modelos. Consultar Stock!\",\"breadcrumb\":{\"@id\":\"https:\/\/cocon.com.ar\/product\/silla-amsterdam\/#breadcrumb\"},\"inLanguage\":\"es-AR\",\"potentialAction\":[{\"@type\":\"ReadAction\",\"target\":[\"https:\/\/cocon.com.ar\/product\/silla-amsterdam\/\"]}]},{\"@type\":\"ImageObject\",\"inLanguage\":\"es-AR\",\"@id\":\"https:\/\/cocon.com.ar\/product\/silla-amsterdam\/#primaryimage\",\"url\":\"https:\/\/cocon.com.ar\/wp-content\/uploads\/2023\/08\/silla-amsterdam-3.png\",\"contentUrl\":\"https:\/\/cocon.com.ar\/wp-content\/uploads\/2023\/08\/silla-amsterdam-3.png\",\"width\":600,\"height\":600},{\"@type\":\"BreadcrumbList\",\"@id\":\"https:\/\/cocon.com.ar\/product\/silla-amsterdam\/#breadcrumb\",\"itemListElement\":[{\"@type\":\"ListItem\",\"position\":1,\"name\":\"Portada\",\"item\":\"https:\/\/cocon.com.ar\/\"},{\"@type\":\"ListItem\",\"position\":2,\"name\":\"Shop\",\"item\":\"https:\/\/cocon.com.ar\/shop\/\"},{\"@type\":\"ListItem\",\"position\":3,\"name\":\"Silla Amsterdam\"}]},{\"@type\":\"WebSite\",\"@id\":\"https:\/\/cocon.com.ar\/#website\",\"url\":\"https:\/\/cocon.com.ar\/\",\"name\":\"Cocon\",\"description\":\"Estudio de Interiorismo_ Styling &amp; Deco\",\"publisher\":{\"@id\":\"https:\/\/cocon.com.ar\/#organization\"},\"potentialAction\":[{\"@type\":\"SearchAction\",\"target\":{\"@type\":\"EntryPoint\",\"urlTemplate\":\"https:\/\/cocon.com.ar\/?s={search_term_string}\"},\"query-input\":{\"@type\":\"PropertyValueSpecification\",\"valueRequired\":true,\"valueName\":\"search_term_string\"}}],\"inLanguage\":\"es-AR\"},{\"@type\":\"Organization\",\"@id\":\"https:\/\/cocon.com.ar\/#organization\",\"name\":\"Cocon\",\"url\":\"https:\/\/cocon.com.ar\/\",\"logo\":{\"@type\":\"ImageObject\",\"inLanguage\":\"es-AR\",\"@id\":\"https:\/\/cocon.com.ar\/#\/schema\/logo\/image\/\",\"url\":\"https:\/\/cocon.com.ar\/wp-content\/uploads\/2023\/09\/cropped-cropped-ei_1695218943890-removebg-preview.png\",\"contentUrl\":\"https:\/\/cocon.com.ar\/wp-content\/uploads\/2023\/09\/cropped-cropped-ei_1695218943890-removebg-preview.png\",\"width\":512,\"height\":341,\"caption\":\"Cocon\"},\"image\":{\"@id\":\"https:\/\/cocon.com.ar\/#\/schema\/logo\/image\/\"},\"sameAs\":[\"http:\/\/facebook.com\/cocon.muebles\",\"https:\/\/www.instagram.com\/cocon.deco\",\"https:\/\/www.youtube.com\/@cocon663\"]}]}<\/script>\n<!-- \/ Yoast SEO plugin. -->","yoast_head_json":{"title":"Silla Amsterdam - Cocon - Somos Fabricantes - Silla Amsterdam","description":"\u00a1Incre\u00edble silla industrial! No te pierdas la oportunidad de tener las tuyas. ingresa a nuestra tienda para ver colores y m\u00e1s modelos. Consultar Stock!","robots":{"index":"noindex","follow":"follow","max-snippet":"max-snippet:-1","max-image-preview":"max-image-preview:large","max-video-preview":"max-video-preview:-1"},"og_locale":"es_ES","og_type":"article","og_title":"Silla Amsterdam - Cocon - Somos Fabricantes - Silla Amsterdam","og_description":"\u00a1Incre\u00edble silla industrial! No te pierdas la oportunidad de tener las tuyas. ingresa a nuestra tienda para ver colores y m\u00e1s modelos. Consultar Stock!","og_url":"https:\/\/cocon.com.ar\/es\/product\/silla-amsterdam\/","og_site_name":"Cocon","article_publisher":"http:\/\/facebook.com\/cocon.muebles","article_modified_time":"2023-09-13T17:56:21+00:00","og_image":[{"width":600,"height":600,"url":"https:\/\/cocon.com.ar\/wp-content\/uploads\/2023\/08\/silla-amsterdam-3.png","type":"image\/png"}],"twitter_card":"summary_large_image","twitter_misc":{"Tiempo de lectura":"2 minutos"},"schema":{"@context":"https:\/\/schema.org","@graph":[{"@type":"WebPage","@id":"https:\/\/cocon.com.ar\/product\/silla-amsterdam\/","url":"https:\/\/cocon.com.ar\/product\/silla-amsterdam\/","name":"Silla Amsterdam - Cocon - Somos Fabricantes - Silla Amsterdam","isPartOf":{"@id":"https:\/\/cocon.com.ar\/#website"},"primaryImageOfPage":{"@id":"https:\/\/cocon.com.ar\/product\/silla-amsterdam\/#primaryimage"},"image":{"@id":"https:\/\/cocon.com.ar\/product\/silla-amsterdam\/#primaryimage"},"thumbnailUrl":"https:\/\/cocon.com.ar\/wp-content\/uploads\/2023\/08\/silla-amsterdam-3.png","datePublished":"2023-08-01T11:48:01+00:00","dateModified":"2023-09-13T17:56:21+00:00","description":"\u00a1Incre\u00edble silla industrial! No te pierdas la oportunidad de tener las tuyas. ingresa a nuestra tienda para ver colores y m\u00e1s modelos. Consultar Stock!","breadcrumb":{"@id":"https:\/\/cocon.com.ar\/product\/silla-amsterdam\/#breadcrumb"},"inLanguage":"es-AR","potentialAction":[{"@type":"ReadAction","target":["https:\/\/cocon.com.ar\/product\/silla-amsterdam\/"]}]},{"@type":"ImageObject","inLanguage":"es-AR","@id":"https:\/\/cocon.com.ar\/product\/silla-amsterdam\/#primaryimage","url":"https:\/\/cocon.com.ar\/wp-content\/uploads\/2023\/08\/silla-amsterdam-3.png","contentUrl":"https:\/\/cocon.com.ar\/wp-content\/uploads\/2023\/08\/silla-amsterdam-3.png","width":600,"height":600},{"@type":"BreadcrumbList","@id":"https:\/\/cocon.com.ar\/product\/silla-amsterdam\/#breadcrumb","itemListElement":[{"@type":"ListItem","position":1,"name":"Portada","item":"https:\/\/cocon.com.ar\/"},{"@type":"ListItem","position":2,"name":"Shop","item":"https:\/\/cocon.com.ar\/shop\/"},{"@type":"ListItem","position":3,"name":"Silla Amsterdam"}]},{"@type":"WebSite","@id":"https:\/\/cocon.com.ar\/#website","url":"https:\/\/cocon.com.ar\/","name":"Cocon","description":"Estudio de Interiorismo_ Styling &amp; Deco","publisher":{"@id":"https:\/\/cocon.com.ar\/#organization"},"potentialAction":[{"@type":"SearchAction","target":{"@type":"EntryPoint","urlTemplate":"https:\/\/cocon.com.ar\/?s={search_term_string}"},"query-input":{"@type":"PropertyValueSpecification","valueRequired":true,"valueName":"search_term_string"}}],"inLanguage":"es-AR"},{"@type":"Organization","@id":"https:\/\/cocon.com.ar\/#organization","name":"Cocon","url":"https:\/\/cocon.com.ar\/","logo":{"@type":"ImageObject","inLanguage":"es-AR","@id":"https:\/\/cocon.com.ar\/#\/schema\/logo\/image\/","url":"https:\/\/cocon.com.ar\/wp-content\/uploads\/2023\/09\/cropped-cropped-ei_1695218943890-removebg-preview.png","contentUrl":"https:\/\/cocon.com.ar\/wp-content\/uploads\/2023\/09\/cropped-cropped-ei_1695218943890-removebg-preview.png","width":512,"height":341,"caption":"Cocon"},"image":{"@id":"https:\/\/cocon.com.ar\/#\/schema\/logo\/image\/"},"sameAs":["http:\/\/facebook.com\/cocon.muebles","https:\/\/www.instagram.com\/cocon.deco","https:\/\/www.youtube.com\/@cocon663"]}]}},"_links":{"self":[{"href":"https:\/\/cocon.com.ar\/es\/wp-json\/wp\/v2\/product\/1961","targetHints":{"allow":["GET"]}}],"collection":[{"href":"https:\/\/cocon.com.ar\/es\/wp-json\/wp\/v2\/product"}],"about":[{"href":"https:\/\/cocon.com.ar\/es\/wp-json\/wp\/v2\/types\/product"}],"replies":[{"embeddable":true,"href":"https:\/\/cocon.com.ar\/es\/wp-json\/wp\/v2\/comments?post=1961"}],"wp:featuredmedia":[{"embeddable":true,"href":"https:\/\/cocon.com.ar\/es\/wp-json\/wp\/v2\/media\/2749"}],"wp:attachment":[{"href":"https:\/\/cocon.com.ar\/es\/wp-json\/wp\/v2\/media?parent=1961"}],"wp:term":[{"taxonomy":"product_cat","embeddable":true,"href":"https:\/\/cocon.com.ar\/es\/wp-json\/wp\/v2\/product_cat?post=1961"},{"taxonomy":"product_tag","embeddable":true,"href":"https:\/\/cocon.com.ar\/es\/wp-json\/wp\/v2\/product_tag?post=1961"}],"curies":[{"name":"wp","href":"https:\/\/api.w.org\/{rel}","templated":true}]}}

<p>Silla Industrial<br />
Esta silla industrial tiene un diseño innovador, el cual combina perfectamente con nuestra mesa cruz &amp; mesa valentino realizadas en madera maciza con estructura en hierro y/ó madera. Este modelo tiene su origen en el diseño de mobiliario incaico, a finales de la década del 60 y 70. El entramado en soga polipropileno permite un buen uso en cualquier ambiente. Para Comedor, para salones de eventos, bares, el quincho de tu casa o una galería visten el ambiente y combinan con el hierro de la mesa, la iluminación y objetos decorativos varios en yute o ratan.<br />
Silla Estilo Industrial<br />
Esta silla está confeccionada en hierro y entramada en soga polipropileno de dos colores posibles. Color negro y color beige simil yute. es la acompañante ideal de tu mesa de comedor o galería, ya que son aptas interior y exterior.<br />
Cómodas y versátiles, se adaptan a todos los ambientes y estilos. Miles de resto y bares están usando nuestras sillas de modelo industrial por su forma de apilar y su comodidad. tienen un peso de 7 kilos, y resisten casi 180 kilos de peso. Se utilizan 220 metros de soga en su confección, y se tensan de forma artesanal y a mano una por una. Su realización requiere de precisión y de pericia en la terminación. Somos fabricantes directos y contamos con stock constantemente. Podemos realizar otros modelos de sillas, banquetas y sillones como verás en productos relacionados. Como la banqueta ibiza o la silla mallorca.<br />
MATERIALES:<br />
Estructura de hierro macizo 1/2&#8243; de primera calidad.<br />
El tratamiento de pintura es por proceso electrostático sometiendo la pintura a altas temperaturas para su secado, lo que permite su uso tanto en interior como en exterior.<br />
Tejidas con soga de polipropileno simil yute. Color beige o negro.<br />
Incluye topetinas.<br />
MEDIDAS:<br />
Ancho: 42cm<br />
Altura al asiento: 45cm<br />
Profundidad: 40cm<br />
También podría interesarte: <a href="https://cocon.com.ar/es/product/banqueta-ibiza/">Banqueta Ibiza</a>, <a href="https://cocon.com.ar/es/product/sillon-energia/">Sillon Energia</a>&amp; <a href="https://cocon.com.ar/es/product/sillon-capri/">Sillón Capri</a>.</p>

<p>Silla Industrial Esta silla industrial tiene un diseño innovador, el cual combina perfectamente con nuestra mesa cruz &amp; mesa valentino realizadas en madera maciza con estructura en hierro y/ó madera. Este modelo tiene su origen en el diseño de mobiliario incaico, a finales de la década del 60 y 70. El entramado en soga polipropileno [&hellip;]</p>

<!-- This site is optimized with the Yoast SEO plugin v26.5 - https://yoast.com/wordpress/plugins/seo/ -->
<title>Silla Amsterdam - Cocon - Somos Fabricantes - Silla Amsterdam</title>
<meta name="description" content="¡Increíble silla industrial! No te pierdas la oportunidad de tener las tuyas. ingresa a nuestra tienda para ver colores y más modelos. Consultar Stock!" />
<meta name="robots" content="noindex, follow, max-snippet:-1, max-image-preview:large, max-video-preview:-1" />
<meta property="og:locale" content="es_ES" />
<meta property="og:type" content="article" />
<meta property="og:title" content="Silla Amsterdam - Cocon - Somos Fabricantes - Silla Amsterdam" />
<meta property="og:description" content="¡Increíble silla industrial! No te pierdas la oportunidad de tener las tuyas. ingresa a nuestra tienda para ver colores y más modelos. Consultar Stock!" />
<meta property="og:url" content="https://cocon.com.ar/es/product/silla-amsterdam/" />
<meta property="og:site_name" content="Cocon" />
<meta property="article:publisher" content="http://facebook.com/cocon.muebles" />
<meta property="article:modified_time" content="2023-09-13T17:56:21+00:00" />
<meta property="og:image" content="https://cocon.com.ar/wp-content/uploads/2023/08/silla-amsterdam-3.png" />
	<meta property="og:image:width" content="600" />
	<meta property="og:image:height" content="600" />
	<meta property="og:image:type" content="image/png" />
<meta name="twitter:card" content="summary_large_image" />
<meta name="twitter:label1" content="Tiempo de lectura" />
	<meta name="twitter:data1" content="2 minutos" />
<script type="application/ld+json" class="yoast-schema-graph">{"@context":"https://schema.org","@graph":[{"@type":"WebPage","@id":"https://cocon.com.ar/product/silla-amsterdam/","url":"https://cocon.com.ar/product/silla-amsterdam/","name":"Silla Amsterdam - Cocon - Somos Fabricantes - Silla Amsterdam","isPartOf":{"@id":"https://cocon.com.ar/#website"},"primaryImageOfPage":{"@id":"https://cocon.com.ar/product/silla-amsterdam/#primaryimage"},"image":{"@id":"https://cocon.com.ar/product/silla-amsterdam/#primaryimage"},"thumbnailUrl":"https://cocon.com.ar/wp-content/uploads/2023/08/silla-amsterdam-3.png","datePublished":"2023-08-01T11:48:01+00:00","dateModified":"2023-09-13T17:56:21+00:00","description":"¡Increíble silla industrial! No te pierdas la oportunidad de tener las tuyas. ingresa a nuestra tienda para ver colores y más modelos. Consultar Stock!","breadcrumb":{"@id":"https://cocon.com.ar/product/silla-amsterdam/#breadcrumb"},"inLanguage":"es-AR","potentialAction":[{"@type":"ReadAction","target":["https://cocon.com.ar/product/silla-amsterdam/"]}]},{"@type":"ImageObject","inLanguage":"es-AR","@id":"https://cocon.com.ar/product/silla-amsterdam/#primaryimage","url":"https://cocon.com.ar/wp-content/uploads/2023/08/silla-amsterdam-3.png","contentUrl":"https://cocon.com.ar/wp-content/uploads/2023/08/silla-amsterdam-3.png","width":600,"height":600},{"@type":"BreadcrumbList","@id":"https://cocon.com.ar/product/silla-amsterdam/#breadcrumb","itemListElement":[{"@type":"ListItem","position":1,"name":"Portada","item":"https://cocon.com.ar/"},{"@type":"ListItem","position":2,"name":"Shop","item":"https://cocon.com.ar/shop/"},{"@type":"ListItem","position":3,"name":"Silla Amsterdam"}]},{"@type":"WebSite","@id":"https://cocon.com.ar/#website","url":"https://cocon.com.ar/","name":"Cocon","description":"Estudio de Interiorismo_ Styling &amp; Deco","publisher":{"@id":"https://cocon.com.ar/#organization"},"potentialAction":[{"@type":"SearchAction","target":{"@type":"EntryPoint","urlTemplate":"https://cocon.com.ar/?s={search_term_string}"},"query-input":{"@type":"PropertyValueSpecification","valueRequired":true,"valueName":"search_term_string"}}],"inLanguage":"es-AR"},{"@type":"Organization","@id":"https://cocon.com.ar/#organization","name":"Cocon","url":"https://cocon.com.ar/","logo":{"@type":"ImageObject","inLanguage":"es-AR","@id":"https://cocon.com.ar/#/schema/logo/image/","url":"https://cocon.com.ar/wp-content/uploads/2023/09/cropped-cropped-ei_1695218943890-removebg-preview.png","contentUrl":"https://cocon.com.ar/wp-content/uploads/2023/09/cropped-cropped-ei_1695218943890-removebg-preview.png","width":512,"height":341,"caption":"Cocon"},"image":{"@id":"https://cocon.com.ar/#/schema/logo/image/"},"sameAs":["http://facebook.com/cocon.muebles","https://www.instagram.com/cocon.deco","https://www.youtube.com/@cocon663"]}]}</script>
<!-- / Yoast SEO plugin. -->

¡Increíble silla industrial! No te pierdas la oportunidad de tener las tuyas. ingresa a nuestra tienda para ver colores y más modelos. Consultar Stock!
