{"id":1962,"date":"2023-08-01T11:48:01","date_gmt":"2023-08-01T11:48:01","guid":{"rendered":"https:\/\/cocon.com.ar\/?post_type=product&#038;p=1962"},"modified":"2023-09-13T18:01:15","modified_gmt":"2023-09-13T18:01:15","slug":"silla-rio","status":"publish","type":"product","link":"https:\/\/cocon.com.ar\/es\/product\/silla-rio\/","title":{"rendered":"Silla Rio"},"content":{"rendered":"<p>Silla Rio<br \/>\nUn dise\u00f1o din\u00e1mico que refleja el contenido de esta silla n\u00f3rdica. Esencial para tus ambientes ya que otorga un toque distinto y nuevo a cualquier parte de tu hogar.<br \/>\nPensada principalmente abordando la cultura Finlandesa. Realizada en su asiento y respaldo en polipropileno, la silla Rio se llevar\u00e1 todas las miradas.<br \/>\nSilla Estilo N\u00f3rdico<br \/>\nEsta silla N\u00f3rdica tiene un dise\u00f1o innovador, el cual combina perfectamente con nuestra mesa n\u00f3rdica &amp; mesa estocolmo realizadas en estructura de madera, tapa de vidrio o mdf laqueado blanco. Este modelo esta realizado en su estructura de polipropileno inyectado y patas en madera maciza de lenga, su dise\u00f1o permite un buen uso en cualquier ambiente. Para Comedor, para cocina, para salones de eventos, bares, el quincho de tu casa o una galer\u00eda, visten el ambiente y algunos de sus colores combinan tambi\u00e9n con el est\u00edlo industrial, la iluminaci\u00f3n y objetos decorativos varios.<br \/>\nSilla Estilo N\u00f3rdico<br \/>\nConfeccionada en polipropileno en varios colores posibles como el negro, el blanco, el verde agua o el gris, que son los m\u00e1s requeridos, esta silla es la acompa\u00f1ante ideal de tu mesa de comedor o galer\u00eda, ya que son aptas interior y exterior.<br \/>\nC\u00f3modas y vers\u00e1tiles, se adaptan a todos los ambientes y estilos. Miles de restos y bares est\u00e1n usando nuestras sillas de estilo n\u00f3rdico moderno por su forma de apilar y su comodidad. Tienen un peso de 6 kilos, y resisten casi 180 kilos de peso. Somos fabricantes directos y contamos con stock constantemente. Podemos realizar otros modelos de sillas, banquetas y sillones como ver\u00e1s en productos relacionados. Como la silla prana o la silla palta wood.<br \/>\nMATERIALES:<br \/>\nEn su totalidad en Polipropileno inyectado<br \/>\nSu material pl\u00e1stico permite que el respaldo sea curvo.<br \/>\nApilables y S\u00faper c\u00f3modas<br \/>\nVarios Colores Disponibles.<br \/>\nF\u00e1ciles de combinar.<\/p>","protected":false},"excerpt":{"rendered":"<p>Silla Rio Un dise\u00f1o din\u00e1mico que refleja el contenido de esta silla n\u00f3rdica. Esencial para tus ambientes ya que otorga un toque distinto y nuevo a cualquier parte de tu hogar. Pensada principalmente abordando la cultura Finlandesa. Realizada en su asiento y respaldo en polipropileno, la silla Rio se llevar\u00e1 todas las miradas. Silla Estilo [&hellip;]<\/p>","protected":false},"featured_media":2765,"comment_status":"closed","ping_status":"closed","template":"","meta":{"inline_featured_image":false,"_joinchat":[]},"product_cat":[138,134],"product_tag":[197,163,155,148,206,192,207],"class_list":["post-1962","product","type-product","status-publish","has-post-thumbnail","hentry","product_cat-comedor","product_cat-sillas","product_tag-diseno","product_tag-estilo-nordico","product_tag-exterior","product_tag-interior","product_tag-silla-apilable","product_tag-silla-moderna","product_tag-silla-nordica"],"yoast_head":"<!-- This site is optimized with the Yoast SEO plugin v26.5 - https:\/\/yoast.com\/wordpress\/plugins\/seo\/ -->\n<title>Silla Rio - Cocon - Somos Fabricantes - Silla Rio<\/title>\n<meta name=\"description\" content=\"\u00a1Incre\u00edble silla moderna! No te pierdas la oportunidad de tener las tuyas. ingresa a nuestra tienda para ver colores y m\u00e1s modelos. Consultar Stock!\" \/>\n<meta name=\"robots\" content=\"noindex, follow, max-snippet:-1, max-image-preview:large, max-video-preview:-1\" \/>\n<meta property=\"og:locale\" content=\"es_ES\" \/>\n<meta property=\"og:type\" content=\"article\" \/>\n<meta property=\"og:title\" content=\"Silla Rio - Cocon - Somos Fabricantes - Silla Rio\" \/>\n<meta property=\"og:description\" content=\"\u00a1Incre\u00edble silla moderna! No te pierdas la oportunidad de tener las tuyas. ingresa a nuestra tienda para ver colores y m\u00e1s modelos. Consultar Stock!\" \/>\n<meta property=\"og:url\" content=\"https:\/\/cocon.com.ar\/es\/product\/silla-rio\/\" \/>\n<meta property=\"og:site_name\" content=\"Cocon\" \/>\n<meta property=\"article:publisher\" content=\"http:\/\/facebook.com\/cocon.muebles\" \/>\n<meta property=\"article:modified_time\" content=\"2023-09-13T18:01:15+00:00\" \/>\n<meta property=\"og:image\" content=\"https:\/\/cocon.com.ar\/wp-content\/uploads\/2023\/08\/silla-rio-1.png\" \/>\n\t<meta property=\"og:image:width\" content=\"600\" \/>\n\t<meta property=\"og:image:height\" content=\"600\" \/>\n\t<meta property=\"og:image:type\" content=\"image\/png\" \/>\n<meta name=\"twitter:card\" content=\"summary_large_image\" \/>\n<meta name=\"twitter:label1\" content=\"Tiempo de lectura\" \/>\n\t<meta name=\"twitter:data1\" content=\"2 minutos\" \/>\n<script type=\"application\/ld+json\" class=\"yoast-schema-graph\">{\"@context\":\"https:\/\/schema.org\",\"@graph\":[{\"@type\":\"WebPage\",\"@id\":\"https:\/\/cocon.com.ar\/product\/silla-rio\/\",\"url\":\"https:\/\/cocon.com.ar\/product\/silla-rio\/\",\"name\":\"Silla Rio - Cocon - Somos Fabricantes - Silla Rio\",\"isPartOf\":{\"@id\":\"https:\/\/cocon.com.ar\/#website\"},\"primaryImageOfPage\":{\"@id\":\"https:\/\/cocon.com.ar\/product\/silla-rio\/#primaryimage\"},\"image\":{\"@id\":\"https:\/\/cocon.com.ar\/product\/silla-rio\/#primaryimage\"},\"thumbnailUrl\":\"https:\/\/cocon.com.ar\/wp-content\/uploads\/2023\/08\/silla-rio-1.png\",\"datePublished\":\"2023-08-01T11:48:01+00:00\",\"dateModified\":\"2023-09-13T18:01:15+00:00\",\"description\":\"\u00a1Incre\u00edble silla moderna! No te pierdas la oportunidad de tener las tuyas. ingresa a nuestra tienda para ver colores y m\u00e1s modelos. Consultar Stock!\",\"breadcrumb\":{\"@id\":\"https:\/\/cocon.com.ar\/product\/silla-rio\/#breadcrumb\"},\"inLanguage\":\"es-AR\",\"potentialAction\":[{\"@type\":\"ReadAction\",\"target\":[\"https:\/\/cocon.com.ar\/product\/silla-rio\/\"]}]},{\"@type\":\"ImageObject\",\"inLanguage\":\"es-AR\",\"@id\":\"https:\/\/cocon.com.ar\/product\/silla-rio\/#primaryimage\",\"url\":\"https:\/\/cocon.com.ar\/wp-content\/uploads\/2023\/08\/silla-rio-1.png\",\"contentUrl\":\"https:\/\/cocon.com.ar\/wp-content\/uploads\/2023\/08\/silla-rio-1.png\",\"width\":600,\"height\":600},{\"@type\":\"BreadcrumbList\",\"@id\":\"https:\/\/cocon.com.ar\/product\/silla-rio\/#breadcrumb\",\"itemListElement\":[{\"@type\":\"ListItem\",\"position\":1,\"name\":\"Portada\",\"item\":\"https:\/\/cocon.com.ar\/\"},{\"@type\":\"ListItem\",\"position\":2,\"name\":\"Shop\",\"item\":\"https:\/\/cocon.com.ar\/shop\/\"},{\"@type\":\"ListItem\",\"position\":3,\"name\":\"Silla Rio\"}]},{\"@type\":\"WebSite\",\"@id\":\"https:\/\/cocon.com.ar\/#website\",\"url\":\"https:\/\/cocon.com.ar\/\",\"name\":\"Cocon\",\"description\":\"Estudio de Interiorismo_ Styling &amp; Deco\",\"publisher\":{\"@id\":\"https:\/\/cocon.com.ar\/#organization\"},\"potentialAction\":[{\"@type\":\"SearchAction\",\"target\":{\"@type\":\"EntryPoint\",\"urlTemplate\":\"https:\/\/cocon.com.ar\/?s={search_term_string}\"},\"query-input\":{\"@type\":\"PropertyValueSpecification\",\"valueRequired\":true,\"valueName\":\"search_term_string\"}}],\"inLanguage\":\"es-AR\"},{\"@type\":\"Organization\",\"@id\":\"https:\/\/cocon.com.ar\/#organization\",\"name\":\"Cocon\",\"url\":\"https:\/\/cocon.com.ar\/\",\"logo\":{\"@type\":\"ImageObject\",\"inLanguage\":\"es-AR\",\"@id\":\"https:\/\/cocon.com.ar\/#\/schema\/logo\/image\/\",\"url\":\"https:\/\/cocon.com.ar\/wp-content\/uploads\/2023\/09\/cropped-cropped-ei_1695218943890-removebg-preview.png\",\"contentUrl\":\"https:\/\/cocon.com.ar\/wp-content\/uploads\/2023\/09\/cropped-cropped-ei_1695218943890-removebg-preview.png\",\"width\":512,\"height\":341,\"caption\":\"Cocon\"},\"image\":{\"@id\":\"https:\/\/cocon.com.ar\/#\/schema\/logo\/image\/\"},\"sameAs\":[\"http:\/\/facebook.com\/cocon.muebles\",\"https:\/\/www.instagram.com\/cocon.deco\",\"https:\/\/www.youtube.com\/@cocon663\"]}]}<\/script>\n<!-- \/ Yoast SEO plugin. -->","yoast_head_json":{"title":"Silla Rio - Cocon - Somos Fabricantes - Silla Rio","description":"\u00a1Incre\u00edble silla moderna! No te pierdas la oportunidad de tener las tuyas. ingresa a nuestra tienda para ver colores y m\u00e1s modelos. Consultar Stock!","robots":{"index":"noindex","follow":"follow","max-snippet":"max-snippet:-1","max-image-preview":"max-image-preview:large","max-video-preview":"max-video-preview:-1"},"og_locale":"es_ES","og_type":"article","og_title":"Silla Rio - Cocon - Somos Fabricantes - Silla Rio","og_description":"\u00a1Incre\u00edble silla moderna! No te pierdas la oportunidad de tener las tuyas. ingresa a nuestra tienda para ver colores y m\u00e1s modelos. Consultar Stock!","og_url":"https:\/\/cocon.com.ar\/es\/product\/silla-rio\/","og_site_name":"Cocon","article_publisher":"http:\/\/facebook.com\/cocon.muebles","article_modified_time":"2023-09-13T18:01:15+00:00","og_image":[{"width":600,"height":600,"url":"https:\/\/cocon.com.ar\/wp-content\/uploads\/2023\/08\/silla-rio-1.png","type":"image\/png"}],"twitter_card":"summary_large_image","twitter_misc":{"Tiempo de lectura":"2 minutos"},"schema":{"@context":"https:\/\/schema.org","@graph":[{"@type":"WebPage","@id":"https:\/\/cocon.com.ar\/product\/silla-rio\/","url":"https:\/\/cocon.com.ar\/product\/silla-rio\/","name":"Silla Rio - Cocon - Somos Fabricantes - Silla Rio","isPartOf":{"@id":"https:\/\/cocon.com.ar\/#website"},"primaryImageOfPage":{"@id":"https:\/\/cocon.com.ar\/product\/silla-rio\/#primaryimage"},"image":{"@id":"https:\/\/cocon.com.ar\/product\/silla-rio\/#primaryimage"},"thumbnailUrl":"https:\/\/cocon.com.ar\/wp-content\/uploads\/2023\/08\/silla-rio-1.png","datePublished":"2023-08-01T11:48:01+00:00","dateModified":"2023-09-13T18:01:15+00:00","description":"\u00a1Incre\u00edble silla moderna! No te pierdas la oportunidad de tener las tuyas. ingresa a nuestra tienda para ver colores y m\u00e1s modelos. Consultar Stock!","breadcrumb":{"@id":"https:\/\/cocon.com.ar\/product\/silla-rio\/#breadcrumb"},"inLanguage":"es-AR","potentialAction":[{"@type":"ReadAction","target":["https:\/\/cocon.com.ar\/product\/silla-rio\/"]}]},{"@type":"ImageObject","inLanguage":"es-AR","@id":"https:\/\/cocon.com.ar\/product\/silla-rio\/#primaryimage","url":"https:\/\/cocon.com.ar\/wp-content\/uploads\/2023\/08\/silla-rio-1.png","contentUrl":"https:\/\/cocon.com.ar\/wp-content\/uploads\/2023\/08\/silla-rio-1.png","width":600,"height":600},{"@type":"BreadcrumbList","@id":"https:\/\/cocon.com.ar\/product\/silla-rio\/#breadcrumb","itemListElement":[{"@type":"ListItem","position":1,"name":"Portada","item":"https:\/\/cocon.com.ar\/"},{"@type":"ListItem","position":2,"name":"Shop","item":"https:\/\/cocon.com.ar\/shop\/"},{"@type":"ListItem","position":3,"name":"Silla Rio"}]},{"@type":"WebSite","@id":"https:\/\/cocon.com.ar\/#website","url":"https:\/\/cocon.com.ar\/","name":"Cocon","description":"Estudio de Interiorismo_ Styling &amp; Deco","publisher":{"@id":"https:\/\/cocon.com.ar\/#organization"},"potentialAction":[{"@type":"SearchAction","target":{"@type":"EntryPoint","urlTemplate":"https:\/\/cocon.com.ar\/?s={search_term_string}"},"query-input":{"@type":"PropertyValueSpecification","valueRequired":true,"valueName":"search_term_string"}}],"inLanguage":"es-AR"},{"@type":"Organization","@id":"https:\/\/cocon.com.ar\/#organization","name":"Cocon","url":"https:\/\/cocon.com.ar\/","logo":{"@type":"ImageObject","inLanguage":"es-AR","@id":"https:\/\/cocon.com.ar\/#\/schema\/logo\/image\/","url":"https:\/\/cocon.com.ar\/wp-content\/uploads\/2023\/09\/cropped-cropped-ei_1695218943890-removebg-preview.png","contentUrl":"https:\/\/cocon.com.ar\/wp-content\/uploads\/2023\/09\/cropped-cropped-ei_1695218943890-removebg-preview.png","width":512,"height":341,"caption":"Cocon"},"image":{"@id":"https:\/\/cocon.com.ar\/#\/schema\/logo\/image\/"},"sameAs":["http:\/\/facebook.com\/cocon.muebles","https:\/\/www.instagram.com\/cocon.deco","https:\/\/www.youtube.com\/@cocon663"]}]}},"_links":{"self":[{"href":"https:\/\/cocon.com.ar\/es\/wp-json\/wp\/v2\/product\/1962","targetHints":{"allow":["GET"]}}],"collection":[{"href":"https:\/\/cocon.com.ar\/es\/wp-json\/wp\/v2\/product"}],"about":[{"href":"https:\/\/cocon.com.ar\/es\/wp-json\/wp\/v2\/types\/product"}],"replies":[{"embeddable":true,"href":"https:\/\/cocon.com.ar\/es\/wp-json\/wp\/v2\/comments?post=1962"}],"wp:featuredmedia":[{"embeddable":true,"href":"https:\/\/cocon.com.ar\/es\/wp-json\/wp\/v2\/media\/2765"}],"wp:attachment":[{"href":"https:\/\/cocon.com.ar\/es\/wp-json\/wp\/v2\/media?parent=1962"}],"wp:term":[{"taxonomy":"product_cat","embeddable":true,"href":"https:\/\/cocon.com.ar\/es\/wp-json\/wp\/v2\/product_cat?post=1962"},{"taxonomy":"product_tag","embeddable":true,"href":"https:\/\/cocon.com.ar\/es\/wp-json\/wp\/v2\/product_tag?post=1962"}],"curies":[{"name":"wp","href":"https:\/\/api.w.org\/{rel}","templated":true}]}}

<p>Silla Rio<br />
Un diseño dinámico que refleja el contenido de esta silla nórdica. Esencial para tus ambientes ya que otorga un toque distinto y nuevo a cualquier parte de tu hogar.<br />
Pensada principalmente abordando la cultura Finlandesa. Realizada en su asiento y respaldo en polipropileno, la silla Rio se llevará todas las miradas.<br />
Silla Estilo Nórdico<br />
Esta silla Nórdica tiene un diseño innovador, el cual combina perfectamente con nuestra mesa nórdica &amp; mesa estocolmo realizadas en estructura de madera, tapa de vidrio o mdf laqueado blanco. Este modelo esta realizado en su estructura de polipropileno inyectado y patas en madera maciza de lenga, su diseño permite un buen uso en cualquier ambiente. Para Comedor, para cocina, para salones de eventos, bares, el quincho de tu casa o una galería, visten el ambiente y algunos de sus colores combinan también con el estílo industrial, la iluminación y objetos decorativos varios.<br />
Silla Estilo Nórdico<br />
Confeccionada en polipropileno en varios colores posibles como el negro, el blanco, el verde agua o el gris, que son los más requeridos, esta silla es la acompañante ideal de tu mesa de comedor o galería, ya que son aptas interior y exterior.<br />
Cómodas y versátiles, se adaptan a todos los ambientes y estilos. Miles de restos y bares están usando nuestras sillas de estilo nórdico moderno por su forma de apilar y su comodidad. Tienen un peso de 6 kilos, y resisten casi 180 kilos de peso. Somos fabricantes directos y contamos con stock constantemente. Podemos realizar otros modelos de sillas, banquetas y sillones como verás en productos relacionados. Como la silla prana o la silla palta wood.<br />
MATERIALES:<br />
En su totalidad en Polipropileno inyectado<br />
Su material plástico permite que el respaldo sea curvo.<br />
Apilables y Súper cómodas<br />
Varios Colores Disponibles.<br />
Fáciles de combinar.</p>

<p>Silla Rio Un diseño dinámico que refleja el contenido de esta silla nórdica. Esencial para tus ambientes ya que otorga un toque distinto y nuevo a cualquier parte de tu hogar. Pensada principalmente abordando la cultura Finlandesa. Realizada en su asiento y respaldo en polipropileno, la silla Rio se llevará todas las miradas. Silla Estilo [&hellip;]</p>

<!-- This site is optimized with the Yoast SEO plugin v26.5 - https://yoast.com/wordpress/plugins/seo/ -->
<title>Silla Rio - Cocon - Somos Fabricantes - Silla Rio</title>
<meta name="description" content="¡Increíble silla moderna! No te pierdas la oportunidad de tener las tuyas. ingresa a nuestra tienda para ver colores y más modelos. Consultar Stock!" />
<meta name="robots" content="noindex, follow, max-snippet:-1, max-image-preview:large, max-video-preview:-1" />
<meta property="og:locale" content="es_ES" />
<meta property="og:type" content="article" />
<meta property="og:title" content="Silla Rio - Cocon - Somos Fabricantes - Silla Rio" />
<meta property="og:description" content="¡Increíble silla moderna! No te pierdas la oportunidad de tener las tuyas. ingresa a nuestra tienda para ver colores y más modelos. Consultar Stock!" />
<meta property="og:url" content="https://cocon.com.ar/es/product/silla-rio/" />
<meta property="og:site_name" content="Cocon" />
<meta property="article:publisher" content="http://facebook.com/cocon.muebles" />
<meta property="article:modified_time" content="2023-09-13T18:01:15+00:00" />
<meta property="og:image" content="https://cocon.com.ar/wp-content/uploads/2023/08/silla-rio-1.png" />
	<meta property="og:image:width" content="600" />
	<meta property="og:image:height" content="600" />
	<meta property="og:image:type" content="image/png" />
<meta name="twitter:card" content="summary_large_image" />
<meta name="twitter:label1" content="Tiempo de lectura" />
	<meta name="twitter:data1" content="2 minutos" />
<script type="application/ld+json" class="yoast-schema-graph">{"@context":"https://schema.org","@graph":[{"@type":"WebPage","@id":"https://cocon.com.ar/product/silla-rio/","url":"https://cocon.com.ar/product/silla-rio/","name":"Silla Rio - Cocon - Somos Fabricantes - Silla Rio","isPartOf":{"@id":"https://cocon.com.ar/#website"},"primaryImageOfPage":{"@id":"https://cocon.com.ar/product/silla-rio/#primaryimage"},"image":{"@id":"https://cocon.com.ar/product/silla-rio/#primaryimage"},"thumbnailUrl":"https://cocon.com.ar/wp-content/uploads/2023/08/silla-rio-1.png","datePublished":"2023-08-01T11:48:01+00:00","dateModified":"2023-09-13T18:01:15+00:00","description":"¡Increíble silla moderna! No te pierdas la oportunidad de tener las tuyas. ingresa a nuestra tienda para ver colores y más modelos. Consultar Stock!","breadcrumb":{"@id":"https://cocon.com.ar/product/silla-rio/#breadcrumb"},"inLanguage":"es-AR","potentialAction":[{"@type":"ReadAction","target":["https://cocon.com.ar/product/silla-rio/"]}]},{"@type":"ImageObject","inLanguage":"es-AR","@id":"https://cocon.com.ar/product/silla-rio/#primaryimage","url":"https://cocon.com.ar/wp-content/uploads/2023/08/silla-rio-1.png","contentUrl":"https://cocon.com.ar/wp-content/uploads/2023/08/silla-rio-1.png","width":600,"height":600},{"@type":"BreadcrumbList","@id":"https://cocon.com.ar/product/silla-rio/#breadcrumb","itemListElement":[{"@type":"ListItem","position":1,"name":"Portada","item":"https://cocon.com.ar/"},{"@type":"ListItem","position":2,"name":"Shop","item":"https://cocon.com.ar/shop/"},{"@type":"ListItem","position":3,"name":"Silla Rio"}]},{"@type":"WebSite","@id":"https://cocon.com.ar/#website","url":"https://cocon.com.ar/","name":"Cocon","description":"Estudio de Interiorismo_ Styling &amp; Deco","publisher":{"@id":"https://cocon.com.ar/#organization"},"potentialAction":[{"@type":"SearchAction","target":{"@type":"EntryPoint","urlTemplate":"https://cocon.com.ar/?s={search_term_string}"},"query-input":{"@type":"PropertyValueSpecification","valueRequired":true,"valueName":"search_term_string"}}],"inLanguage":"es-AR"},{"@type":"Organization","@id":"https://cocon.com.ar/#organization","name":"Cocon","url":"https://cocon.com.ar/","logo":{"@type":"ImageObject","inLanguage":"es-AR","@id":"https://cocon.com.ar/#/schema/logo/image/","url":"https://cocon.com.ar/wp-content/uploads/2023/09/cropped-cropped-ei_1695218943890-removebg-preview.png","contentUrl":"https://cocon.com.ar/wp-content/uploads/2023/09/cropped-cropped-ei_1695218943890-removebg-preview.png","width":512,"height":341,"caption":"Cocon"},"image":{"@id":"https://cocon.com.ar/#/schema/logo/image/"},"sameAs":["http://facebook.com/cocon.muebles","https://www.instagram.com/cocon.deco","https://www.youtube.com/@cocon663"]}]}</script>
<!-- / Yoast SEO plugin. -->

¡Increíble silla moderna! No te pierdas la oportunidad de tener las tuyas. ingresa a nuestra tienda para ver colores y más modelos. Consultar Stock!
