{"id":1972,"date":"2023-08-01T11:48:02","date_gmt":"2023-08-01T11:48:02","guid":{"rendered":"https:\/\/cocon.com.ar\/?post_type=product&#038;p=1972"},"modified":"2023-09-14T15:45:46","modified_gmt":"2023-09-14T15:45:46","slug":"banqueta-mallorca","status":"publish","type":"product","link":"https:\/\/cocon.com.ar\/es\/product\/banqueta-mallorca\/","title":{"rendered":"Banqueta Mallorca"},"content":{"rendered":"<p>Banqueta Industrial<br \/>\nEsta banqueta industrial tiene un dise\u00f1o innovador, el cual combina perfectamente con nuestras barra realizadas a medida en madera maciza con estructura en hierro y\/\u00f3 madera. Este modelo tiene su origen en el dise\u00f1o de mobiliario incaico, a finales de la d\u00e9cada del 60 y 70. El entramado en soga polipropileno permite un buen uso en cualquier ambiente. Para barras, desayunadores o islas, bares, el quincho de tu casa o una galer\u00eda visten el ambiente y combinan con el hierro de la mesa, la iluminaci\u00f3n y objetos decorativos varios en yute o ratan.<br \/>\nBanqueta Estilo Industrial<br \/>\nEs el complemento ideal para tu cocina, para la barra desayunadora o isla.<br \/>\nAdem\u00e1s de esas opciones, nuestra banqueta industrial tiene presencia en bares, restaurantes, o cualquier emprendimiento gastron\u00f3mico. Se puede combinar perfectamente con mesas de estilo industrial, y con las sillas del mismo modelo o tambi\u00e9n con otros estilos.<br \/>\nTambi\u00e9n queda muy vistosa en los balcones, para acompa\u00f1ar a la barra balconera de madera, nuestro modelo Ravignani, por ejemplo.<br \/>\nY lo m\u00e1s importante, es que las fabricamos en distintas alturas!<br \/>\nEsta banqueta esta confeccionada en hierro y entramada en soga polipropileno de dos colores posibles. Color negro y color beige simil yute. es la acompa\u00f1ante ideal de tu mesa de comedor o galer\u00eda, ya que son aptas interior y exterior.<br \/>\nC\u00f3modas y vers\u00e1tiles, se adaptan a todos los ambientes y estilos. Miles de restaurantes y bares est\u00e1n usando nuestras banquetas de modelo industrial por su est\u00e9tica y su comodidad. tienen un peso de 8 kilos, y resisten casi 180 kilos de peso. Se utilizan 220 metros de soga en su confecci\u00f3n, y se tensan de forma artesanal y a mano una por una. Su realizaci\u00f3n requiere de precisi\u00f3n y de pericia en la terminaci\u00f3n. Somos fabricantes directos y contamos con stock constantemente. Podemos realizar otros modelos de sillas, banquetas y sillones como ver\u00e1s en productos relacionados. Como la silla amsterdam o la silla mallorca.<\/p>\n<p>MEDIDAS:<br \/>\nAncho asiento 43cm<br \/>\nProfundidad: 36cm<br \/>\nAltura al Asiento: 73cm<\/p>\n<p>\u00a1Consultanos por el precio del combo y combinalas como quieras!<br \/>\nTambi\u00e9n podr\u00eda interesarte:<br \/>\n<div class=\"woocommerce columns-4\"><\/div><br \/>\nCUIDADO Y MANTENIMIENTO:<br \/>\nEn espacios exteriores se recomienda que est\u00e9n semi techados o que se cubra con alguna funda para preservar el producto por largo tiempo.<br \/>\nNo exponerlo al fuego o cerca del mismo, por ejemplo una parrilla.<br \/>\nSe puede limpiar con una pa\u00f1o o esponja h\u00fameda.<\/p>","protected":false},"excerpt":{"rendered":"<p>Banqueta Industrial Esta banqueta industrial tiene un dise\u00f1o innovador, el cual combina perfectamente con nuestras barra realizadas a medida en madera maciza con estructura en hierro y\/\u00f3 madera. Este modelo tiene su origen en el dise\u00f1o de mobiliario incaico, a finales de la d\u00e9cada del 60 y 70. El entramado en soga polipropileno permite un [&hellip;]<\/p>","protected":false},"featured_media":2692,"comment_status":"closed","ping_status":"closed","template":"","meta":{"inline_featured_image":false,"_joinchat":[]},"product_cat":[138,168],"product_tag":[224,221,225,197,155,231,148,233],"class_list":["post-1972","product","type-product","status-publish","has-post-thumbnail","hentry","product_cat-comedor","product_cat-banquetas","product_tag-banqueta-diseno","product_tag-banqueta-industrial","product_tag-barra-desayunadora","product_tag-diseno","product_tag-exterior","product_tag-gastronomia","product_tag-interior","product_tag-isla"],"yoast_head":"<!-- This site is optimized with the Yoast SEO plugin v26.5 - https:\/\/yoast.com\/wordpress\/plugins\/seo\/ -->\n<title>Banqueta Mallorca - Cocon - Somos Fabricantes - Banqueta Mallorca<\/title>\n<meta name=\"description\" content=\"\u00a1Incre\u00edble banqueta industrial! no te pierdas la oportunidad de tener las tuyas. ingresa a nuestra tienda para ver colores y m\u00e1s modelos. Stock Disponible!\" \/>\n<meta name=\"robots\" content=\"noindex, follow, max-snippet:-1, max-image-preview:large, max-video-preview:-1\" \/>\n<meta property=\"og:locale\" content=\"es_ES\" \/>\n<meta property=\"og:type\" content=\"article\" \/>\n<meta property=\"og:title\" content=\"Banqueta Mallorca - Cocon - Somos Fabricantes - Banqueta Mallorca\" \/>\n<meta property=\"og:description\" content=\"\u00a1Incre\u00edble banqueta industrial! no te pierdas la oportunidad de tener las tuyas. ingresa a nuestra tienda para ver colores y m\u00e1s modelos. Stock Disponible!\" \/>\n<meta property=\"og:url\" content=\"https:\/\/cocon.com.ar\/es\/product\/banqueta-mallorca\/\" \/>\n<meta property=\"og:site_name\" content=\"Cocon\" \/>\n<meta property=\"article:publisher\" content=\"http:\/\/facebook.com\/cocon.muebles\" \/>\n<meta property=\"article:modified_time\" content=\"2023-09-14T15:45:46+00:00\" \/>\n<meta property=\"og:image\" content=\"https:\/\/cocon.com.ar\/wp-content\/uploads\/2023\/08\/banqueta-mallorca-1.png\" \/>\n\t<meta property=\"og:image:width\" content=\"600\" \/>\n\t<meta property=\"og:image:height\" content=\"600\" \/>\n\t<meta property=\"og:image:type\" content=\"image\/png\" \/>\n<meta name=\"twitter:card\" content=\"summary_large_image\" \/>\n<meta name=\"twitter:label1\" content=\"Tiempo de lectura\" \/>\n\t<meta name=\"twitter:data1\" content=\"2 minutos\" \/>\n<script type=\"application\/ld+json\" class=\"yoast-schema-graph\">{\"@context\":\"https:\/\/schema.org\",\"@graph\":[{\"@type\":\"WebPage\",\"@id\":\"https:\/\/cocon.com.ar\/product\/banqueta-mallorca\/\",\"url\":\"https:\/\/cocon.com.ar\/product\/banqueta-mallorca\/\",\"name\":\"Banqueta Mallorca - Cocon - Somos Fabricantes - Banqueta Mallorca\",\"isPartOf\":{\"@id\":\"https:\/\/cocon.com.ar\/#website\"},\"primaryImageOfPage\":{\"@id\":\"https:\/\/cocon.com.ar\/product\/banqueta-mallorca\/#primaryimage\"},\"image\":{\"@id\":\"https:\/\/cocon.com.ar\/product\/banqueta-mallorca\/#primaryimage\"},\"thumbnailUrl\":\"https:\/\/cocon.com.ar\/wp-content\/uploads\/2023\/08\/banqueta-mallorca-1.png\",\"datePublished\":\"2023-08-01T11:48:02+00:00\",\"dateModified\":\"2023-09-14T15:45:46+00:00\",\"description\":\"\u00a1Incre\u00edble banqueta industrial! no te pierdas la oportunidad de tener las tuyas. ingresa a nuestra tienda para ver colores y m\u00e1s modelos. Stock Disponible!\",\"breadcrumb\":{\"@id\":\"https:\/\/cocon.com.ar\/product\/banqueta-mallorca\/#breadcrumb\"},\"inLanguage\":\"es-AR\",\"potentialAction\":[{\"@type\":\"ReadAction\",\"target\":[\"https:\/\/cocon.com.ar\/product\/banqueta-mallorca\/\"]}]},{\"@type\":\"ImageObject\",\"inLanguage\":\"es-AR\",\"@id\":\"https:\/\/cocon.com.ar\/product\/banqueta-mallorca\/#primaryimage\",\"url\":\"https:\/\/cocon.com.ar\/wp-content\/uploads\/2023\/08\/banqueta-mallorca-1.png\",\"contentUrl\":\"https:\/\/cocon.com.ar\/wp-content\/uploads\/2023\/08\/banqueta-mallorca-1.png\",\"width\":600,\"height\":600},{\"@type\":\"BreadcrumbList\",\"@id\":\"https:\/\/cocon.com.ar\/product\/banqueta-mallorca\/#breadcrumb\",\"itemListElement\":[{\"@type\":\"ListItem\",\"position\":1,\"name\":\"Portada\",\"item\":\"https:\/\/cocon.com.ar\/\"},{\"@type\":\"ListItem\",\"position\":2,\"name\":\"Shop\",\"item\":\"https:\/\/cocon.com.ar\/shop\/\"},{\"@type\":\"ListItem\",\"position\":3,\"name\":\"Banqueta Mallorca\"}]},{\"@type\":\"WebSite\",\"@id\":\"https:\/\/cocon.com.ar\/#website\",\"url\":\"https:\/\/cocon.com.ar\/\",\"name\":\"Cocon\",\"description\":\"Estudio de Interiorismo_ Styling &amp; Deco\",\"publisher\":{\"@id\":\"https:\/\/cocon.com.ar\/#organization\"},\"potentialAction\":[{\"@type\":\"SearchAction\",\"target\":{\"@type\":\"EntryPoint\",\"urlTemplate\":\"https:\/\/cocon.com.ar\/?s={search_term_string}\"},\"query-input\":{\"@type\":\"PropertyValueSpecification\",\"valueRequired\":true,\"valueName\":\"search_term_string\"}}],\"inLanguage\":\"es-AR\"},{\"@type\":\"Organization\",\"@id\":\"https:\/\/cocon.com.ar\/#organization\",\"name\":\"Cocon\",\"url\":\"https:\/\/cocon.com.ar\/\",\"logo\":{\"@type\":\"ImageObject\",\"inLanguage\":\"es-AR\",\"@id\":\"https:\/\/cocon.com.ar\/#\/schema\/logo\/image\/\",\"url\":\"https:\/\/cocon.com.ar\/wp-content\/uploads\/2023\/09\/cropped-cropped-ei_1695218943890-removebg-preview.png\",\"contentUrl\":\"https:\/\/cocon.com.ar\/wp-content\/uploads\/2023\/09\/cropped-cropped-ei_1695218943890-removebg-preview.png\",\"width\":512,\"height\":341,\"caption\":\"Cocon\"},\"image\":{\"@id\":\"https:\/\/cocon.com.ar\/#\/schema\/logo\/image\/\"},\"sameAs\":[\"http:\/\/facebook.com\/cocon.muebles\",\"https:\/\/www.instagram.com\/cocon.deco\",\"https:\/\/www.youtube.com\/@cocon663\"]}]}<\/script>\n<!-- \/ Yoast SEO plugin. -->","yoast_head_json":{"title":"Banqueta Mallorca - Cocon - Somos Fabricantes - Banqueta Mallorca","description":"\u00a1Incre\u00edble banqueta industrial! no te pierdas la oportunidad de tener las tuyas. ingresa a nuestra tienda para ver colores y m\u00e1s modelos. Stock Disponible!","robots":{"index":"noindex","follow":"follow","max-snippet":"max-snippet:-1","max-image-preview":"max-image-preview:large","max-video-preview":"max-video-preview:-1"},"og_locale":"es_ES","og_type":"article","og_title":"Banqueta Mallorca - Cocon - Somos Fabricantes - Banqueta Mallorca","og_description":"\u00a1Incre\u00edble banqueta industrial! no te pierdas la oportunidad de tener las tuyas. ingresa a nuestra tienda para ver colores y m\u00e1s modelos. Stock Disponible!","og_url":"https:\/\/cocon.com.ar\/es\/product\/banqueta-mallorca\/","og_site_name":"Cocon","article_publisher":"http:\/\/facebook.com\/cocon.muebles","article_modified_time":"2023-09-14T15:45:46+00:00","og_image":[{"width":600,"height":600,"url":"https:\/\/cocon.com.ar\/wp-content\/uploads\/2023\/08\/banqueta-mallorca-1.png","type":"image\/png"}],"twitter_card":"summary_large_image","twitter_misc":{"Tiempo de lectura":"2 minutos"},"schema":{"@context":"https:\/\/schema.org","@graph":[{"@type":"WebPage","@id":"https:\/\/cocon.com.ar\/product\/banqueta-mallorca\/","url":"https:\/\/cocon.com.ar\/product\/banqueta-mallorca\/","name":"Banqueta Mallorca - Cocon - Somos Fabricantes - Banqueta Mallorca","isPartOf":{"@id":"https:\/\/cocon.com.ar\/#website"},"primaryImageOfPage":{"@id":"https:\/\/cocon.com.ar\/product\/banqueta-mallorca\/#primaryimage"},"image":{"@id":"https:\/\/cocon.com.ar\/product\/banqueta-mallorca\/#primaryimage"},"thumbnailUrl":"https:\/\/cocon.com.ar\/wp-content\/uploads\/2023\/08\/banqueta-mallorca-1.png","datePublished":"2023-08-01T11:48:02+00:00","dateModified":"2023-09-14T15:45:46+00:00","description":"\u00a1Incre\u00edble banqueta industrial! no te pierdas la oportunidad de tener las tuyas. ingresa a nuestra tienda para ver colores y m\u00e1s modelos. Stock Disponible!","breadcrumb":{"@id":"https:\/\/cocon.com.ar\/product\/banqueta-mallorca\/#breadcrumb"},"inLanguage":"es-AR","potentialAction":[{"@type":"ReadAction","target":["https:\/\/cocon.com.ar\/product\/banqueta-mallorca\/"]}]},{"@type":"ImageObject","inLanguage":"es-AR","@id":"https:\/\/cocon.com.ar\/product\/banqueta-mallorca\/#primaryimage","url":"https:\/\/cocon.com.ar\/wp-content\/uploads\/2023\/08\/banqueta-mallorca-1.png","contentUrl":"https:\/\/cocon.com.ar\/wp-content\/uploads\/2023\/08\/banqueta-mallorca-1.png","width":600,"height":600},{"@type":"BreadcrumbList","@id":"https:\/\/cocon.com.ar\/product\/banqueta-mallorca\/#breadcrumb","itemListElement":[{"@type":"ListItem","position":1,"name":"Portada","item":"https:\/\/cocon.com.ar\/"},{"@type":"ListItem","position":2,"name":"Shop","item":"https:\/\/cocon.com.ar\/shop\/"},{"@type":"ListItem","position":3,"name":"Banqueta Mallorca"}]},{"@type":"WebSite","@id":"https:\/\/cocon.com.ar\/#website","url":"https:\/\/cocon.com.ar\/","name":"Cocon","description":"Estudio de Interiorismo_ Styling &amp; Deco","publisher":{"@id":"https:\/\/cocon.com.ar\/#organization"},"potentialAction":[{"@type":"SearchAction","target":{"@type":"EntryPoint","urlTemplate":"https:\/\/cocon.com.ar\/?s={search_term_string}"},"query-input":{"@type":"PropertyValueSpecification","valueRequired":true,"valueName":"search_term_string"}}],"inLanguage":"es-AR"},{"@type":"Organization","@id":"https:\/\/cocon.com.ar\/#organization","name":"Cocon","url":"https:\/\/cocon.com.ar\/","logo":{"@type":"ImageObject","inLanguage":"es-AR","@id":"https:\/\/cocon.com.ar\/#\/schema\/logo\/image\/","url":"https:\/\/cocon.com.ar\/wp-content\/uploads\/2023\/09\/cropped-cropped-ei_1695218943890-removebg-preview.png","contentUrl":"https:\/\/cocon.com.ar\/wp-content\/uploads\/2023\/09\/cropped-cropped-ei_1695218943890-removebg-preview.png","width":512,"height":341,"caption":"Cocon"},"image":{"@id":"https:\/\/cocon.com.ar\/#\/schema\/logo\/image\/"},"sameAs":["http:\/\/facebook.com\/cocon.muebles","https:\/\/www.instagram.com\/cocon.deco","https:\/\/www.youtube.com\/@cocon663"]}]}},"_links":{"self":[{"href":"https:\/\/cocon.com.ar\/es\/wp-json\/wp\/v2\/product\/1972","targetHints":{"allow":["GET"]}}],"collection":[{"href":"https:\/\/cocon.com.ar\/es\/wp-json\/wp\/v2\/product"}],"about":[{"href":"https:\/\/cocon.com.ar\/es\/wp-json\/wp\/v2\/types\/product"}],"replies":[{"embeddable":true,"href":"https:\/\/cocon.com.ar\/es\/wp-json\/wp\/v2\/comments?post=1972"}],"wp:featuredmedia":[{"embeddable":true,"href":"https:\/\/cocon.com.ar\/es\/wp-json\/wp\/v2\/media\/2692"}],"wp:attachment":[{"href":"https:\/\/cocon.com.ar\/es\/wp-json\/wp\/v2\/media?parent=1972"}],"wp:term":[{"taxonomy":"product_cat","embeddable":true,"href":"https:\/\/cocon.com.ar\/es\/wp-json\/wp\/v2\/product_cat?post=1972"},{"taxonomy":"product_tag","embeddable":true,"href":"https:\/\/cocon.com.ar\/es\/wp-json\/wp\/v2\/product_tag?post=1972"}],"curies":[{"name":"wp","href":"https:\/\/api.w.org\/{rel}","templated":true}]}}

<p>Banqueta Industrial<br />
Esta banqueta industrial tiene un diseño innovador, el cual combina perfectamente con nuestras barra realizadas a medida en madera maciza con estructura en hierro y/ó madera. Este modelo tiene su origen en el diseño de mobiliario incaico, a finales de la década del 60 y 70. El entramado en soga polipropileno permite un buen uso en cualquier ambiente. Para barras, desayunadores o islas, bares, el quincho de tu casa o una galería visten el ambiente y combinan con el hierro de la mesa, la iluminación y objetos decorativos varios en yute o ratan.<br />
Banqueta Estilo Industrial<br />
Es el complemento ideal para tu cocina, para la barra desayunadora o isla.<br />
Además de esas opciones, nuestra banqueta industrial tiene presencia en bares, restaurantes, o cualquier emprendimiento gastronómico. Se puede combinar perfectamente con mesas de estilo industrial, y con las sillas del mismo modelo o también con otros estilos.<br />
También queda muy vistosa en los balcones, para acompañar a la barra balconera de madera, nuestro modelo Ravignani, por ejemplo.<br />
Y lo más importante, es que las fabricamos en distintas alturas!<br />
Esta banqueta esta confeccionada en hierro y entramada en soga polipropileno de dos colores posibles. Color negro y color beige simil yute. es la acompañante ideal de tu mesa de comedor o galería, ya que son aptas interior y exterior.<br />
Cómodas y versátiles, se adaptan a todos los ambientes y estilos. Miles de restaurantes y bares están usando nuestras banquetas de modelo industrial por su estética y su comodidad. tienen un peso de 8 kilos, y resisten casi 180 kilos de peso. Se utilizan 220 metros de soga en su confección, y se tensan de forma artesanal y a mano una por una. Su realización requiere de precisión y de pericia en la terminación. Somos fabricantes directos y contamos con stock constantemente. Podemos realizar otros modelos de sillas, banquetas y sillones como verás en productos relacionados. Como la silla amsterdam o la silla mallorca.</p>
<p>MEDIDAS:<br />
Ancho asiento 43cm<br />
Profundidad: 36cm<br />
Altura al Asiento: 73cm</p>
<p>¡Consultanos por el precio del combo y combinalas como quieras!<br />
También podría interesarte:<br />
<div class="woocommerce columns-4"></div><br />
CUIDADO Y MANTENIMIENTO:<br />
En espacios exteriores se recomienda que estén semi techados o que se cubra con alguna funda para preservar el producto por largo tiempo.<br />
No exponerlo al fuego o cerca del mismo, por ejemplo una parrilla.<br />
Se puede limpiar con una paño o esponja húmeda.</p>

<p>Banqueta Industrial Esta banqueta industrial tiene un diseño innovador, el cual combina perfectamente con nuestras barra realizadas a medida en madera maciza con estructura en hierro y/ó madera. Este modelo tiene su origen en el diseño de mobiliario incaico, a finales de la década del 60 y 70. El entramado en soga polipropileno permite un [&hellip;]</p>

<!-- This site is optimized with the Yoast SEO plugin v26.5 - https://yoast.com/wordpress/plugins/seo/ -->
<title>Banqueta Mallorca - Cocon - Somos Fabricantes - Banqueta Mallorca</title>
<meta name="description" content="¡Increíble banqueta industrial! no te pierdas la oportunidad de tener las tuyas. ingresa a nuestra tienda para ver colores y más modelos. Stock Disponible!" />
<meta name="robots" content="noindex, follow, max-snippet:-1, max-image-preview:large, max-video-preview:-1" />
<meta property="og:locale" content="es_ES" />
<meta property="og:type" content="article" />
<meta property="og:title" content="Banqueta Mallorca - Cocon - Somos Fabricantes - Banqueta Mallorca" />
<meta property="og:description" content="¡Increíble banqueta industrial! no te pierdas la oportunidad de tener las tuyas. ingresa a nuestra tienda para ver colores y más modelos. Stock Disponible!" />
<meta property="og:url" content="https://cocon.com.ar/es/product/banqueta-mallorca/" />
<meta property="og:site_name" content="Cocon" />
<meta property="article:publisher" content="http://facebook.com/cocon.muebles" />
<meta property="article:modified_time" content="2023-09-14T15:45:46+00:00" />
<meta property="og:image" content="https://cocon.com.ar/wp-content/uploads/2023/08/banqueta-mallorca-1.png" />
	<meta property="og:image:width" content="600" />
	<meta property="og:image:height" content="600" />
	<meta property="og:image:type" content="image/png" />
<meta name="twitter:card" content="summary_large_image" />
<meta name="twitter:label1" content="Tiempo de lectura" />
	<meta name="twitter:data1" content="2 minutos" />
<script type="application/ld+json" class="yoast-schema-graph">{"@context":"https://schema.org","@graph":[{"@type":"WebPage","@id":"https://cocon.com.ar/product/banqueta-mallorca/","url":"https://cocon.com.ar/product/banqueta-mallorca/","name":"Banqueta Mallorca - Cocon - Somos Fabricantes - Banqueta Mallorca","isPartOf":{"@id":"https://cocon.com.ar/#website"},"primaryImageOfPage":{"@id":"https://cocon.com.ar/product/banqueta-mallorca/#primaryimage"},"image":{"@id":"https://cocon.com.ar/product/banqueta-mallorca/#primaryimage"},"thumbnailUrl":"https://cocon.com.ar/wp-content/uploads/2023/08/banqueta-mallorca-1.png","datePublished":"2023-08-01T11:48:02+00:00","dateModified":"2023-09-14T15:45:46+00:00","description":"¡Increíble banqueta industrial! no te pierdas la oportunidad de tener las tuyas. ingresa a nuestra tienda para ver colores y más modelos. Stock Disponible!","breadcrumb":{"@id":"https://cocon.com.ar/product/banqueta-mallorca/#breadcrumb"},"inLanguage":"es-AR","potentialAction":[{"@type":"ReadAction","target":["https://cocon.com.ar/product/banqueta-mallorca/"]}]},{"@type":"ImageObject","inLanguage":"es-AR","@id":"https://cocon.com.ar/product/banqueta-mallorca/#primaryimage","url":"https://cocon.com.ar/wp-content/uploads/2023/08/banqueta-mallorca-1.png","contentUrl":"https://cocon.com.ar/wp-content/uploads/2023/08/banqueta-mallorca-1.png","width":600,"height":600},{"@type":"BreadcrumbList","@id":"https://cocon.com.ar/product/banqueta-mallorca/#breadcrumb","itemListElement":[{"@type":"ListItem","position":1,"name":"Portada","item":"https://cocon.com.ar/"},{"@type":"ListItem","position":2,"name":"Shop","item":"https://cocon.com.ar/shop/"},{"@type":"ListItem","position":3,"name":"Banqueta Mallorca"}]},{"@type":"WebSite","@id":"https://cocon.com.ar/#website","url":"https://cocon.com.ar/","name":"Cocon","description":"Estudio de Interiorismo_ Styling &amp; Deco","publisher":{"@id":"https://cocon.com.ar/#organization"},"potentialAction":[{"@type":"SearchAction","target":{"@type":"EntryPoint","urlTemplate":"https://cocon.com.ar/?s={search_term_string}"},"query-input":{"@type":"PropertyValueSpecification","valueRequired":true,"valueName":"search_term_string"}}],"inLanguage":"es-AR"},{"@type":"Organization","@id":"https://cocon.com.ar/#organization","name":"Cocon","url":"https://cocon.com.ar/","logo":{"@type":"ImageObject","inLanguage":"es-AR","@id":"https://cocon.com.ar/#/schema/logo/image/","url":"https://cocon.com.ar/wp-content/uploads/2023/09/cropped-cropped-ei_1695218943890-removebg-preview.png","contentUrl":"https://cocon.com.ar/wp-content/uploads/2023/09/cropped-cropped-ei_1695218943890-removebg-preview.png","width":512,"height":341,"caption":"Cocon"},"image":{"@id":"https://cocon.com.ar/#/schema/logo/image/"},"sameAs":["http://facebook.com/cocon.muebles","https://www.instagram.com/cocon.deco","https://www.youtube.com/@cocon663"]}]}</script>
<!-- / Yoast SEO plugin. -->

¡Increíble banqueta industrial! no te pierdas la oportunidad de tener las tuyas. ingresa a nuestra tienda para ver colores y más modelos. Stock Disponible!
