{"id":1982,"date":"2023-08-01T11:48:06","date_gmt":"2023-08-01T11:48:06","guid":{"rendered":"https:\/\/cocon.com.ar\/?post_type=product&#038;p=1982"},"modified":"2023-09-14T19:11:35","modified_gmt":"2023-09-14T19:11:35","slug":"combo-energia-mesita-chapa","status":"publish","type":"product","link":"https:\/\/cocon.com.ar\/es\/product\/combo-energia-mesita-chapa\/","title":{"rendered":"Combo Energ\u00eda + Mesita Chapa"},"content":{"rendered":"<p>Combo Energ\u00eda + Mesita Chapa<br \/>\nLos sillones Energ\u00eda Individuales (de 1 cuerpo) estan realizados con apoya brazos de madera, m\u00e1s mesita de chapa realizada en hierro y chapa, estilo industrial<br \/>\nEs ideal para armar un completo juego de living tanto en espacios interiores como exteriores, y as\u00ed redecorar tu balc\u00f3n, terraza o galer\u00eda.<br \/>\nAdem\u00e1s es funcional para jardines de interior, se puede acompa\u00f1ar de una mesita tejida en la misma soga o de chapa &amp; hierro, y con mesitas r\u00fasticas de madera, por ejemplo.<br \/>\nPerfectamente cobinable con cualquier estilo y mobiliario.<br \/>\nRecomendable para espacios semi techados, como balcones o galer\u00edas<\/p>\n<p>MATERIALES:<br \/>\nSillon:<br \/>\nEstructura en Hierro macizo pintado a horno.<br \/>\nEncordado en Soga S\u00edmil Yute en color beige o negro (opcional) realizado en Polipr\u00f3pileno, apto interior como exterior, de secado r\u00e1pido, se lava con esponja h\u00fameda y detergente.<br \/>\nSill\u00f3n Industrial<br \/>\nLas MEDIDAS del Sill\u00f3n Industrial Energ\u00eda son:<br \/>\nAltura del piso al asiento: 40cm<br \/>\nAncho asiento: 50 cm<br \/>\nAncho final: 55cm (de apoyabrazo a apoyabrazo)<br \/>\nProfundidad asiento: 50cm.<br \/>\nAltura del respaldo: 40cm.<br \/>\nAltura final del sill\u00f3n: 73cm<br \/>\nContamos con el mismo modelo en versi\u00f3n doble (2 cuerpos) y triple (3 cuerpos).<br \/>\nConsultanos por el precio del combo y combinalos como quieras!<br \/>\nCUIDADO Y MANTENIMIENTO:<br \/>\nEn espacios exteriores se recomienda que est\u00e9n semi techados o que se cubra con alguna funda para preservar el producto por largo tiempo.<br \/>\nNo exponerlo al fuego o cerca del mismo, p0r ejemplo una parrilla.<br \/>\nSe puede limpiar con una pa\u00f1o o esponja h\u00fameda.<\/p>\n<p>MESA DE CHAPA:<br \/>\nEstructura en hierro &amp; tapa en chapa, pintado negro.<\/p>","protected":false},"excerpt":{"rendered":"<p>Combo Energ\u00eda + Mesita Chapa Los sillones Energ\u00eda Individuales (de 1 cuerpo) estan realizados con apoya brazos de madera, m\u00e1s mesita de chapa realizada en hierro y chapa, estilo industrial Es ideal para armar un completo juego de living tanto en espacios interiores como exteriores, y as\u00ed redecorar tu balc\u00f3n, terraza o galer\u00eda. Adem\u00e1s es [&hellip;]<\/p>","protected":false},"featured_media":2638,"comment_status":"closed","ping_status":"closed","template":"","meta":{"inline_featured_image":false,"_joinchat":[]},"product_cat":[139,174],"product_tag":[243,239,238,245,246,244,240,242,241],"class_list":["post-1982","product","type-product","status-publish","has-post-thumbnail","hentry","product_cat-galeria","product_cat-living-galeria","product_tag-balcones","product_tag-combo-balconero","product_tag-combo-exterior","product_tag-espacio-exterior","product_tag-espacio-interior","product_tag-jardin","product_tag-juego-de-balcon","product_tag-sillon-soga","product_tag-sillones-exterior"],"yoast_head":"<!-- This site is optimized with the Yoast SEO plugin v26.5 - https:\/\/yoast.com\/wordpress\/plugins\/seo\/ -->\n<title>Combo Energ\u00eda + Mesita Chapa - Cocon - Somos Fabricantes - Cocon<\/title>\n<meta name=\"description\" content=\"\u00a1Incre\u00edble Combo Exterior! No te pierdas la oportunidad de tener el tuyo. Ingresa a nuestra tienda para ver colores y m\u00e1s modelos. \u00a1Consultar Stock!\" \/>\n<meta name=\"robots\" content=\"noindex, follow, max-snippet:-1, max-image-preview:large, max-video-preview:-1\" \/>\n<meta property=\"og:locale\" content=\"es_ES\" \/>\n<meta property=\"og:type\" content=\"article\" \/>\n<meta property=\"og:title\" content=\"Combo Energ\u00eda + Mesita Chapa - Cocon - Somos Fabricantes - Cocon\" \/>\n<meta property=\"og:description\" content=\"\u00a1Incre\u00edble Combo Exterior! No te pierdas la oportunidad de tener el tuyo. Ingresa a nuestra tienda para ver colores y m\u00e1s modelos. \u00a1Consultar Stock!\" \/>\n<meta property=\"og:url\" content=\"https:\/\/cocon.com.ar\/es\/product\/combo-energia-mesita-chapa\/\" \/>\n<meta property=\"og:site_name\" content=\"Cocon\" \/>\n<meta property=\"article:publisher\" content=\"http:\/\/facebook.com\/cocon.muebles\" \/>\n<meta property=\"article:modified_time\" content=\"2023-09-14T19:11:35+00:00\" \/>\n<meta property=\"og:image\" content=\"https:\/\/cocon.com.ar\/wp-content\/uploads\/2023\/08\/banqueta-coni-3-1.png\" \/>\n\t<meta property=\"og:image:width\" content=\"600\" \/>\n\t<meta property=\"og:image:height\" content=\"600\" \/>\n\t<meta property=\"og:image:type\" content=\"image\/png\" \/>\n<meta name=\"twitter:card\" content=\"summary_large_image\" \/>\n<meta name=\"twitter:label1\" content=\"Tiempo de lectura\" \/>\n\t<meta name=\"twitter:data1\" content=\"2 minutos\" \/>\n<script type=\"application\/ld+json\" class=\"yoast-schema-graph\">{\"@context\":\"https:\/\/schema.org\",\"@graph\":[{\"@type\":\"WebPage\",\"@id\":\"https:\/\/cocon.com.ar\/product\/combo-energia-mesita-chapa\/\",\"url\":\"https:\/\/cocon.com.ar\/product\/combo-energia-mesita-chapa\/\",\"name\":\"Combo Energ\u00eda + Mesita Chapa - Cocon - Somos Fabricantes - Cocon\",\"isPartOf\":{\"@id\":\"https:\/\/cocon.com.ar\/#website\"},\"primaryImageOfPage\":{\"@id\":\"https:\/\/cocon.com.ar\/product\/combo-energia-mesita-chapa\/#primaryimage\"},\"image\":{\"@id\":\"https:\/\/cocon.com.ar\/product\/combo-energia-mesita-chapa\/#primaryimage\"},\"thumbnailUrl\":\"https:\/\/cocon.com.ar\/wp-content\/uploads\/2023\/08\/banqueta-coni-3-1.png\",\"datePublished\":\"2023-08-01T11:48:06+00:00\",\"dateModified\":\"2023-09-14T19:11:35+00:00\",\"description\":\"\u00a1Incre\u00edble Combo Exterior! No te pierdas la oportunidad de tener el tuyo. Ingresa a nuestra tienda para ver colores y m\u00e1s modelos. \u00a1Consultar Stock!\",\"breadcrumb\":{\"@id\":\"https:\/\/cocon.com.ar\/product\/combo-energia-mesita-chapa\/#breadcrumb\"},\"inLanguage\":\"es-AR\",\"potentialAction\":[{\"@type\":\"ReadAction\",\"target\":[\"https:\/\/cocon.com.ar\/product\/combo-energia-mesita-chapa\/\"]}]},{\"@type\":\"ImageObject\",\"inLanguage\":\"es-AR\",\"@id\":\"https:\/\/cocon.com.ar\/product\/combo-energia-mesita-chapa\/#primaryimage\",\"url\":\"https:\/\/cocon.com.ar\/wp-content\/uploads\/2023\/08\/banqueta-coni-3-1.png\",\"contentUrl\":\"https:\/\/cocon.com.ar\/wp-content\/uploads\/2023\/08\/banqueta-coni-3-1.png\",\"width\":600,\"height\":600},{\"@type\":\"BreadcrumbList\",\"@id\":\"https:\/\/cocon.com.ar\/product\/combo-energia-mesita-chapa\/#breadcrumb\",\"itemListElement\":[{\"@type\":\"ListItem\",\"position\":1,\"name\":\"Portada\",\"item\":\"https:\/\/cocon.com.ar\/\"},{\"@type\":\"ListItem\",\"position\":2,\"name\":\"Shop\",\"item\":\"https:\/\/cocon.com.ar\/shop\/\"},{\"@type\":\"ListItem\",\"position\":3,\"name\":\"Combo Energ\u00eda + Mesita Chapa\"}]},{\"@type\":\"WebSite\",\"@id\":\"https:\/\/cocon.com.ar\/#website\",\"url\":\"https:\/\/cocon.com.ar\/\",\"name\":\"Cocon\",\"description\":\"Estudio de Interiorismo_ Styling &amp; Deco\",\"publisher\":{\"@id\":\"https:\/\/cocon.com.ar\/#organization\"},\"potentialAction\":[{\"@type\":\"SearchAction\",\"target\":{\"@type\":\"EntryPoint\",\"urlTemplate\":\"https:\/\/cocon.com.ar\/?s={search_term_string}\"},\"query-input\":{\"@type\":\"PropertyValueSpecification\",\"valueRequired\":true,\"valueName\":\"search_term_string\"}}],\"inLanguage\":\"es-AR\"},{\"@type\":\"Organization\",\"@id\":\"https:\/\/cocon.com.ar\/#organization\",\"name\":\"Cocon\",\"url\":\"https:\/\/cocon.com.ar\/\",\"logo\":{\"@type\":\"ImageObject\",\"inLanguage\":\"es-AR\",\"@id\":\"https:\/\/cocon.com.ar\/#\/schema\/logo\/image\/\",\"url\":\"https:\/\/cocon.com.ar\/wp-content\/uploads\/2023\/09\/cropped-cropped-ei_1695218943890-removebg-preview.png\",\"contentUrl\":\"https:\/\/cocon.com.ar\/wp-content\/uploads\/2023\/09\/cropped-cropped-ei_1695218943890-removebg-preview.png\",\"width\":512,\"height\":341,\"caption\":\"Cocon\"},\"image\":{\"@id\":\"https:\/\/cocon.com.ar\/#\/schema\/logo\/image\/\"},\"sameAs\":[\"http:\/\/facebook.com\/cocon.muebles\",\"https:\/\/www.instagram.com\/cocon.deco\",\"https:\/\/www.youtube.com\/@cocon663\"]}]}<\/script>\n<!-- \/ Yoast SEO plugin. -->","yoast_head_json":{"title":"Combo Energ\u00eda + Mesita Chapa - Cocon - Somos Fabricantes - Cocon","description":"\u00a1Incre\u00edble Combo Exterior! No te pierdas la oportunidad de tener el tuyo. Ingresa a nuestra tienda para ver colores y m\u00e1s modelos. \u00a1Consultar Stock!","robots":{"index":"noindex","follow":"follow","max-snippet":"max-snippet:-1","max-image-preview":"max-image-preview:large","max-video-preview":"max-video-preview:-1"},"og_locale":"es_ES","og_type":"article","og_title":"Combo Energ\u00eda + Mesita Chapa - Cocon - Somos Fabricantes - Cocon","og_description":"\u00a1Incre\u00edble Combo Exterior! No te pierdas la oportunidad de tener el tuyo. Ingresa a nuestra tienda para ver colores y m\u00e1s modelos. \u00a1Consultar Stock!","og_url":"https:\/\/cocon.com.ar\/es\/product\/combo-energia-mesita-chapa\/","og_site_name":"Cocon","article_publisher":"http:\/\/facebook.com\/cocon.muebles","article_modified_time":"2023-09-14T19:11:35+00:00","og_image":[{"width":600,"height":600,"url":"https:\/\/cocon.com.ar\/wp-content\/uploads\/2023\/08\/banqueta-coni-3-1.png","type":"image\/png"}],"twitter_card":"summary_large_image","twitter_misc":{"Tiempo de lectura":"2 minutos"},"schema":{"@context":"https:\/\/schema.org","@graph":[{"@type":"WebPage","@id":"https:\/\/cocon.com.ar\/product\/combo-energia-mesita-chapa\/","url":"https:\/\/cocon.com.ar\/product\/combo-energia-mesita-chapa\/","name":"Combo Energ\u00eda + Mesita Chapa - Cocon - Somos Fabricantes - Cocon","isPartOf":{"@id":"https:\/\/cocon.com.ar\/#website"},"primaryImageOfPage":{"@id":"https:\/\/cocon.com.ar\/product\/combo-energia-mesita-chapa\/#primaryimage"},"image":{"@id":"https:\/\/cocon.com.ar\/product\/combo-energia-mesita-chapa\/#primaryimage"},"thumbnailUrl":"https:\/\/cocon.com.ar\/wp-content\/uploads\/2023\/08\/banqueta-coni-3-1.png","datePublished":"2023-08-01T11:48:06+00:00","dateModified":"2023-09-14T19:11:35+00:00","description":"\u00a1Incre\u00edble Combo Exterior! No te pierdas la oportunidad de tener el tuyo. Ingresa a nuestra tienda para ver colores y m\u00e1s modelos. \u00a1Consultar Stock!","breadcrumb":{"@id":"https:\/\/cocon.com.ar\/product\/combo-energia-mesita-chapa\/#breadcrumb"},"inLanguage":"es-AR","potentialAction":[{"@type":"ReadAction","target":["https:\/\/cocon.com.ar\/product\/combo-energia-mesita-chapa\/"]}]},{"@type":"ImageObject","inLanguage":"es-AR","@id":"https:\/\/cocon.com.ar\/product\/combo-energia-mesita-chapa\/#primaryimage","url":"https:\/\/cocon.com.ar\/wp-content\/uploads\/2023\/08\/banqueta-coni-3-1.png","contentUrl":"https:\/\/cocon.com.ar\/wp-content\/uploads\/2023\/08\/banqueta-coni-3-1.png","width":600,"height":600},{"@type":"BreadcrumbList","@id":"https:\/\/cocon.com.ar\/product\/combo-energia-mesita-chapa\/#breadcrumb","itemListElement":[{"@type":"ListItem","position":1,"name":"Portada","item":"https:\/\/cocon.com.ar\/"},{"@type":"ListItem","position":2,"name":"Shop","item":"https:\/\/cocon.com.ar\/shop\/"},{"@type":"ListItem","position":3,"name":"Combo Energ\u00eda + Mesita Chapa"}]},{"@type":"WebSite","@id":"https:\/\/cocon.com.ar\/#website","url":"https:\/\/cocon.com.ar\/","name":"Cocon","description":"Estudio de Interiorismo_ Styling &amp; Deco","publisher":{"@id":"https:\/\/cocon.com.ar\/#organization"},"potentialAction":[{"@type":"SearchAction","target":{"@type":"EntryPoint","urlTemplate":"https:\/\/cocon.com.ar\/?s={search_term_string}"},"query-input":{"@type":"PropertyValueSpecification","valueRequired":true,"valueName":"search_term_string"}}],"inLanguage":"es-AR"},{"@type":"Organization","@id":"https:\/\/cocon.com.ar\/#organization","name":"Cocon","url":"https:\/\/cocon.com.ar\/","logo":{"@type":"ImageObject","inLanguage":"es-AR","@id":"https:\/\/cocon.com.ar\/#\/schema\/logo\/image\/","url":"https:\/\/cocon.com.ar\/wp-content\/uploads\/2023\/09\/cropped-cropped-ei_1695218943890-removebg-preview.png","contentUrl":"https:\/\/cocon.com.ar\/wp-content\/uploads\/2023\/09\/cropped-cropped-ei_1695218943890-removebg-preview.png","width":512,"height":341,"caption":"Cocon"},"image":{"@id":"https:\/\/cocon.com.ar\/#\/schema\/logo\/image\/"},"sameAs":["http:\/\/facebook.com\/cocon.muebles","https:\/\/www.instagram.com\/cocon.deco","https:\/\/www.youtube.com\/@cocon663"]}]}},"_links":{"self":[{"href":"https:\/\/cocon.com.ar\/es\/wp-json\/wp\/v2\/product\/1982","targetHints":{"allow":["GET"]}}],"collection":[{"href":"https:\/\/cocon.com.ar\/es\/wp-json\/wp\/v2\/product"}],"about":[{"href":"https:\/\/cocon.com.ar\/es\/wp-json\/wp\/v2\/types\/product"}],"replies":[{"embeddable":true,"href":"https:\/\/cocon.com.ar\/es\/wp-json\/wp\/v2\/comments?post=1982"}],"wp:featuredmedia":[{"embeddable":true,"href":"https:\/\/cocon.com.ar\/es\/wp-json\/wp\/v2\/media\/2638"}],"wp:attachment":[{"href":"https:\/\/cocon.com.ar\/es\/wp-json\/wp\/v2\/media?parent=1982"}],"wp:term":[{"taxonomy":"product_cat","embeddable":true,"href":"https:\/\/cocon.com.ar\/es\/wp-json\/wp\/v2\/product_cat?post=1982"},{"taxonomy":"product_tag","embeddable":true,"href":"https:\/\/cocon.com.ar\/es\/wp-json\/wp\/v2\/product_tag?post=1982"}],"curies":[{"name":"wp","href":"https:\/\/api.w.org\/{rel}","templated":true}]}}

Combo Energía + Mesita Chapa

<p>Combo Energía + Mesita Chapa<br />
Los sillones Energía Individuales (de 1 cuerpo) estan realizados con apoya brazos de madera, más mesita de chapa realizada en hierro y chapa, estilo industrial<br />
Es ideal para armar un completo juego de living tanto en espacios interiores como exteriores, y así redecorar tu balcón, terraza o galería.<br />
Además es funcional para jardines de interior, se puede acompañar de una mesita tejida en la misma soga o de chapa &amp; hierro, y con mesitas rústicas de madera, por ejemplo.<br />
Perfectamente cobinable con cualquier estilo y mobiliario.<br />
Recomendable para espacios semi techados, como balcones o galerías</p>
<p>MATERIALES:<br />
Sillon:<br />
Estructura en Hierro macizo pintado a horno.<br />
Encordado en Soga Símil Yute en color beige o negro (opcional) realizado en Poliprópileno, apto interior como exterior, de secado rápido, se lava con esponja húmeda y detergente.<br />
Sillón Industrial<br />
Las MEDIDAS del Sillón Industrial Energía son:<br />
Altura del piso al asiento: 40cm<br />
Ancho asiento: 50 cm<br />
Ancho final: 55cm (de apoyabrazo a apoyabrazo)<br />
Profundidad asiento: 50cm.<br />
Altura del respaldo: 40cm.<br />
Altura final del sillón: 73cm<br />
Contamos con el mismo modelo en versión doble (2 cuerpos) y triple (3 cuerpos).<br />
Consultanos por el precio del combo y combinalos como quieras!<br />
CUIDADO Y MANTENIMIENTO:<br />
En espacios exteriores se recomienda que estén semi techados o que se cubra con alguna funda para preservar el producto por largo tiempo.<br />
No exponerlo al fuego o cerca del mismo, p0r ejemplo una parrilla.<br />
Se puede limpiar con una paño o esponja húmeda.</p>
<p>MESA DE CHAPA:<br />
Estructura en hierro &amp; tapa en chapa, pintado negro.</p>

<p>Combo Energía + Mesita Chapa Los sillones Energía Individuales (de 1 cuerpo) estan realizados con apoya brazos de madera, más mesita de chapa realizada en hierro y chapa, estilo industrial Es ideal para armar un completo juego de living tanto en espacios interiores como exteriores, y así redecorar tu balcón, terraza o galería. Además es [&hellip;]</p>

<!-- This site is optimized with the Yoast SEO plugin v26.5 - https://yoast.com/wordpress/plugins/seo/ -->
<title>Combo Energía + Mesita Chapa - Cocon - Somos Fabricantes - Cocon</title>
<meta name="description" content="¡Increíble Combo Exterior! No te pierdas la oportunidad de tener el tuyo. Ingresa a nuestra tienda para ver colores y más modelos. ¡Consultar Stock!" />
<meta name="robots" content="noindex, follow, max-snippet:-1, max-image-preview:large, max-video-preview:-1" />
<meta property="og:locale" content="es_ES" />
<meta property="og:type" content="article" />
<meta property="og:title" content="Combo Energía + Mesita Chapa - Cocon - Somos Fabricantes - Cocon" />
<meta property="og:description" content="¡Increíble Combo Exterior! No te pierdas la oportunidad de tener el tuyo. Ingresa a nuestra tienda para ver colores y más modelos. ¡Consultar Stock!" />
<meta property="og:url" content="https://cocon.com.ar/es/product/combo-energia-mesita-chapa/" />
<meta property="og:site_name" content="Cocon" />
<meta property="article:publisher" content="http://facebook.com/cocon.muebles" />
<meta property="article:modified_time" content="2023-09-14T19:11:35+00:00" />
<meta property="og:image" content="https://cocon.com.ar/wp-content/uploads/2023/08/banqueta-coni-3-1.png" />
	<meta property="og:image:width" content="600" />
	<meta property="og:image:height" content="600" />
	<meta property="og:image:type" content="image/png" />
<meta name="twitter:card" content="summary_large_image" />
<meta name="twitter:label1" content="Tiempo de lectura" />
	<meta name="twitter:data1" content="2 minutos" />
<script type="application/ld+json" class="yoast-schema-graph">{"@context":"https://schema.org","@graph":[{"@type":"WebPage","@id":"https://cocon.com.ar/product/combo-energia-mesita-chapa/","url":"https://cocon.com.ar/product/combo-energia-mesita-chapa/","name":"Combo Energía + Mesita Chapa - Cocon - Somos Fabricantes - Cocon","isPartOf":{"@id":"https://cocon.com.ar/#website"},"primaryImageOfPage":{"@id":"https://cocon.com.ar/product/combo-energia-mesita-chapa/#primaryimage"},"image":{"@id":"https://cocon.com.ar/product/combo-energia-mesita-chapa/#primaryimage"},"thumbnailUrl":"https://cocon.com.ar/wp-content/uploads/2023/08/banqueta-coni-3-1.png","datePublished":"2023-08-01T11:48:06+00:00","dateModified":"2023-09-14T19:11:35+00:00","description":"¡Increíble Combo Exterior! No te pierdas la oportunidad de tener el tuyo. Ingresa a nuestra tienda para ver colores y más modelos. ¡Consultar Stock!","breadcrumb":{"@id":"https://cocon.com.ar/product/combo-energia-mesita-chapa/#breadcrumb"},"inLanguage":"es-AR","potentialAction":[{"@type":"ReadAction","target":["https://cocon.com.ar/product/combo-energia-mesita-chapa/"]}]},{"@type":"ImageObject","inLanguage":"es-AR","@id":"https://cocon.com.ar/product/combo-energia-mesita-chapa/#primaryimage","url":"https://cocon.com.ar/wp-content/uploads/2023/08/banqueta-coni-3-1.png","contentUrl":"https://cocon.com.ar/wp-content/uploads/2023/08/banqueta-coni-3-1.png","width":600,"height":600},{"@type":"BreadcrumbList","@id":"https://cocon.com.ar/product/combo-energia-mesita-chapa/#breadcrumb","itemListElement":[{"@type":"ListItem","position":1,"name":"Portada","item":"https://cocon.com.ar/"},{"@type":"ListItem","position":2,"name":"Shop","item":"https://cocon.com.ar/shop/"},{"@type":"ListItem","position":3,"name":"Combo Energía + Mesita Chapa"}]},{"@type":"WebSite","@id":"https://cocon.com.ar/#website","url":"https://cocon.com.ar/","name":"Cocon","description":"Estudio de Interiorismo_ Styling &amp; Deco","publisher":{"@id":"https://cocon.com.ar/#organization"},"potentialAction":[{"@type":"SearchAction","target":{"@type":"EntryPoint","urlTemplate":"https://cocon.com.ar/?s={search_term_string}"},"query-input":{"@type":"PropertyValueSpecification","valueRequired":true,"valueName":"search_term_string"}}],"inLanguage":"es-AR"},{"@type":"Organization","@id":"https://cocon.com.ar/#organization","name":"Cocon","url":"https://cocon.com.ar/","logo":{"@type":"ImageObject","inLanguage":"es-AR","@id":"https://cocon.com.ar/#/schema/logo/image/","url":"https://cocon.com.ar/wp-content/uploads/2023/09/cropped-cropped-ei_1695218943890-removebg-preview.png","contentUrl":"https://cocon.com.ar/wp-content/uploads/2023/09/cropped-cropped-ei_1695218943890-removebg-preview.png","width":512,"height":341,"caption":"Cocon"},"image":{"@id":"https://cocon.com.ar/#/schema/logo/image/"},"sameAs":["http://facebook.com/cocon.muebles","https://www.instagram.com/cocon.deco","https://www.youtube.com/@cocon663"]}]}</script>
<!-- / Yoast SEO plugin. -->

Combo Energía + Mesita Chapa - Cocon - Somos Fabricantes - Cocon

¡Increíble Combo Exterior! No te pierdas la oportunidad de tener el tuyo. Ingresa a nuestra tienda para ver colores y más modelos. ¡Consultar Stock!
