{"id":1997,"date":"2023-08-01T11:48:07","date_gmt":"2023-08-01T11:48:07","guid":{"rendered":"https:\/\/cocon.com.ar\/?post_type=product&#038;p=1997"},"modified":"2023-08-01T11:48:08","modified_gmt":"2023-08-01T11:48:08","slug":"bandeja-de-palma","status":"publish","type":"product","link":"https:\/\/cocon.com.ar\/es\/product\/bandeja-de-palma\/","title":{"rendered":"Bandeja de Palma"},"content":{"rendered":"<p>Bandeja de Palma, estas son bandejas circulares hechas en el interior de nuestro pa\u00eds. El material que lo compone es palma, fibra caracter\u00edstica del norte Argentino. M\u00e1s all\u00e1 de su obvio encanto, nuestra bandeja de palma es un gran aliado para transportar, organizar o decorar. Son de gran durabilidad y f\u00e1ciles de limpiar.<\/p>\n<p>Medidas:<br \/>\n30&#215;8<br \/>\n40&#215;8<br \/>\n50&#215;8<\/p>","protected":false},"excerpt":{"rendered":"<p>Bandeja de Palma, estas son bandejas circulares hechas en el interior de nuestro pa\u00eds. El material que lo compone es palma, fibra caracter\u00edstica del norte Argentino. M\u00e1s all\u00e1 de su obvio encanto, nuestra bandeja de palma es un gran aliado para transportar, organizar o decorar. Son de gran durabilidad y f\u00e1ciles de limpiar. Medidas: 30&#215;8 [&hellip;]<\/p>","protected":false},"featured_media":0,"comment_status":"open","ping_status":"closed","template":"","meta":{"inline_featured_image":false,"_joinchat":[]},"product_cat":[15],"product_tag":[],"class_list":["post-1997","product","type-product","status-publish","hentry","product_cat-varios"],"yoast_head":"<!-- This site is optimized with the Yoast SEO plugin v26.5 - https:\/\/yoast.com\/wordpress\/plugins\/seo\/ -->\n<title>Bandeja de Palma - Cocon<\/title>\n<meta name=\"robots\" content=\"noindex, follow, max-snippet:-1, max-image-preview:large, max-video-preview:-1\" \/>\n<meta property=\"og:locale\" content=\"es_ES\" \/>\n<meta property=\"og:type\" content=\"article\" \/>\n<meta property=\"og:title\" content=\"Bandeja de Palma - Cocon\" \/>\n<meta property=\"og:description\" content=\"Bandeja de Palma, estas son bandejas circulares hechas en el interior de nuestro pa\u00eds. El material que lo compone es palma, fibra caracter\u00edstica del norte Argentino. M\u00e1s all\u00e1 de su obvio encanto, nuestra bandeja de palma es un gran aliado para transportar, organizar o decorar. Son de gran durabilidad y f\u00e1ciles de limpiar. Medidas: 30&#215;8 [&hellip;]\" \/>\n<meta property=\"og:url\" content=\"https:\/\/cocon.com.ar\/es\/product\/bandeja-de-palma\/\" \/>\n<meta property=\"og:site_name\" content=\"Cocon\" \/>\n<meta property=\"article:publisher\" content=\"http:\/\/facebook.com\/cocon.muebles\" \/>\n<meta property=\"article:modified_time\" content=\"2023-08-01T11:48:08+00:00\" \/>\n<meta name=\"twitter:card\" content=\"summary_large_image\" \/>\n<script type=\"application\/ld+json\" class=\"yoast-schema-graph\">{\"@context\":\"https:\/\/schema.org\",\"@graph\":[{\"@type\":\"WebPage\",\"@id\":\"https:\/\/cocon.com.ar\/product\/bandeja-de-palma\/\",\"url\":\"https:\/\/cocon.com.ar\/product\/bandeja-de-palma\/\",\"name\":\"Bandeja de Palma - Cocon\",\"isPartOf\":{\"@id\":\"https:\/\/cocon.com.ar\/#website\"},\"datePublished\":\"2023-08-01T11:48:07+00:00\",\"dateModified\":\"2023-08-01T11:48:08+00:00\",\"breadcrumb\":{\"@id\":\"https:\/\/cocon.com.ar\/product\/bandeja-de-palma\/#breadcrumb\"},\"inLanguage\":\"es-AR\",\"potentialAction\":[{\"@type\":\"ReadAction\",\"target\":[\"https:\/\/cocon.com.ar\/product\/bandeja-de-palma\/\"]}]},{\"@type\":\"BreadcrumbList\",\"@id\":\"https:\/\/cocon.com.ar\/product\/bandeja-de-palma\/#breadcrumb\",\"itemListElement\":[{\"@type\":\"ListItem\",\"position\":1,\"name\":\"Portada\",\"item\":\"https:\/\/cocon.com.ar\/\"},{\"@type\":\"ListItem\",\"position\":2,\"name\":\"Shop\",\"item\":\"https:\/\/cocon.com.ar\/shop\/\"},{\"@type\":\"ListItem\",\"position\":3,\"name\":\"Bandeja de Palma\"}]},{\"@type\":\"WebSite\",\"@id\":\"https:\/\/cocon.com.ar\/#website\",\"url\":\"https:\/\/cocon.com.ar\/\",\"name\":\"Cocon\",\"description\":\"Estudio de Interiorismo_ Styling &amp; Deco\",\"publisher\":{\"@id\":\"https:\/\/cocon.com.ar\/#organization\"},\"potentialAction\":[{\"@type\":\"SearchAction\",\"target\":{\"@type\":\"EntryPoint\",\"urlTemplate\":\"https:\/\/cocon.com.ar\/?s={search_term_string}\"},\"query-input\":{\"@type\":\"PropertyValueSpecification\",\"valueRequired\":true,\"valueName\":\"search_term_string\"}}],\"inLanguage\":\"es-AR\"},{\"@type\":\"Organization\",\"@id\":\"https:\/\/cocon.com.ar\/#organization\",\"name\":\"Cocon\",\"url\":\"https:\/\/cocon.com.ar\/\",\"logo\":{\"@type\":\"ImageObject\",\"inLanguage\":\"es-AR\",\"@id\":\"https:\/\/cocon.com.ar\/#\/schema\/logo\/image\/\",\"url\":\"https:\/\/cocon.com.ar\/wp-content\/uploads\/2023\/09\/cropped-cropped-ei_1695218943890-removebg-preview.png\",\"contentUrl\":\"https:\/\/cocon.com.ar\/wp-content\/uploads\/2023\/09\/cropped-cropped-ei_1695218943890-removebg-preview.png\",\"width\":512,\"height\":341,\"caption\":\"Cocon\"},\"image\":{\"@id\":\"https:\/\/cocon.com.ar\/#\/schema\/logo\/image\/\"},\"sameAs\":[\"http:\/\/facebook.com\/cocon.muebles\",\"https:\/\/www.instagram.com\/cocon.deco\",\"https:\/\/www.youtube.com\/@cocon663\"]}]}<\/script>\n<!-- \/ Yoast SEO plugin. -->","yoast_head_json":{"title":"Bandeja de Palma - Cocon","robots":{"index":"noindex","follow":"follow","max-snippet":"max-snippet:-1","max-image-preview":"max-image-preview:large","max-video-preview":"max-video-preview:-1"},"og_locale":"es_ES","og_type":"article","og_title":"Bandeja de Palma - Cocon","og_description":"Bandeja de Palma, estas son bandejas circulares hechas en el interior de nuestro pa\u00eds. El material que lo compone es palma, fibra caracter\u00edstica del norte Argentino. M\u00e1s all\u00e1 de su obvio encanto, nuestra bandeja de palma es un gran aliado para transportar, organizar o decorar. Son de gran durabilidad y f\u00e1ciles de limpiar. Medidas: 30&#215;8 [&hellip;]","og_url":"https:\/\/cocon.com.ar\/es\/product\/bandeja-de-palma\/","og_site_name":"Cocon","article_publisher":"http:\/\/facebook.com\/cocon.muebles","article_modified_time":"2023-08-01T11:48:08+00:00","twitter_card":"summary_large_image","schema":{"@context":"https:\/\/schema.org","@graph":[{"@type":"WebPage","@id":"https:\/\/cocon.com.ar\/product\/bandeja-de-palma\/","url":"https:\/\/cocon.com.ar\/product\/bandeja-de-palma\/","name":"Bandeja de Palma - Cocon","isPartOf":{"@id":"https:\/\/cocon.com.ar\/#website"},"datePublished":"2023-08-01T11:48:07+00:00","dateModified":"2023-08-01T11:48:08+00:00","breadcrumb":{"@id":"https:\/\/cocon.com.ar\/product\/bandeja-de-palma\/#breadcrumb"},"inLanguage":"es-AR","potentialAction":[{"@type":"ReadAction","target":["https:\/\/cocon.com.ar\/product\/bandeja-de-palma\/"]}]},{"@type":"BreadcrumbList","@id":"https:\/\/cocon.com.ar\/product\/bandeja-de-palma\/#breadcrumb","itemListElement":[{"@type":"ListItem","position":1,"name":"Portada","item":"https:\/\/cocon.com.ar\/"},{"@type":"ListItem","position":2,"name":"Shop","item":"https:\/\/cocon.com.ar\/shop\/"},{"@type":"ListItem","position":3,"name":"Bandeja de Palma"}]},{"@type":"WebSite","@id":"https:\/\/cocon.com.ar\/#website","url":"https:\/\/cocon.com.ar\/","name":"Cocon","description":"Estudio de Interiorismo_ Styling &amp; Deco","publisher":{"@id":"https:\/\/cocon.com.ar\/#organization"},"potentialAction":[{"@type":"SearchAction","target":{"@type":"EntryPoint","urlTemplate":"https:\/\/cocon.com.ar\/?s={search_term_string}"},"query-input":{"@type":"PropertyValueSpecification","valueRequired":true,"valueName":"search_term_string"}}],"inLanguage":"es-AR"},{"@type":"Organization","@id":"https:\/\/cocon.com.ar\/#organization","name":"Cocon","url":"https:\/\/cocon.com.ar\/","logo":{"@type":"ImageObject","inLanguage":"es-AR","@id":"https:\/\/cocon.com.ar\/#\/schema\/logo\/image\/","url":"https:\/\/cocon.com.ar\/wp-content\/uploads\/2023\/09\/cropped-cropped-ei_1695218943890-removebg-preview.png","contentUrl":"https:\/\/cocon.com.ar\/wp-content\/uploads\/2023\/09\/cropped-cropped-ei_1695218943890-removebg-preview.png","width":512,"height":341,"caption":"Cocon"},"image":{"@id":"https:\/\/cocon.com.ar\/#\/schema\/logo\/image\/"},"sameAs":["http:\/\/facebook.com\/cocon.muebles","https:\/\/www.instagram.com\/cocon.deco","https:\/\/www.youtube.com\/@cocon663"]}]}},"_links":{"self":[{"href":"https:\/\/cocon.com.ar\/es\/wp-json\/wp\/v2\/product\/1997","targetHints":{"allow":["GET"]}}],"collection":[{"href":"https:\/\/cocon.com.ar\/es\/wp-json\/wp\/v2\/product"}],"about":[{"href":"https:\/\/cocon.com.ar\/es\/wp-json\/wp\/v2\/types\/product"}],"replies":[{"embeddable":true,"href":"https:\/\/cocon.com.ar\/es\/wp-json\/wp\/v2\/comments?post=1997"}],"wp:attachment":[{"href":"https:\/\/cocon.com.ar\/es\/wp-json\/wp\/v2\/media?parent=1997"}],"wp:term":[{"taxonomy":"product_cat","embeddable":true,"href":"https:\/\/cocon.com.ar\/es\/wp-json\/wp\/v2\/product_cat?post=1997"},{"taxonomy":"product_tag","embeddable":true,"href":"https:\/\/cocon.com.ar\/es\/wp-json\/wp\/v2\/product_tag?post=1997"}],"curies":[{"name":"wp","href":"https:\/\/api.w.org\/{rel}","templated":true}]}}

<p>Bandeja de Palma, estas son bandejas circulares hechas en el interior de nuestro país. El material que lo compone es palma, fibra característica del norte Argentino. Más allá de su obvio encanto, nuestra bandeja de palma es un gran aliado para transportar, organizar o decorar. Son de gran durabilidad y fáciles de limpiar.</p>
<p>Medidas:<br />
30&#215;8<br />
40&#215;8<br />
50&#215;8</p>

<p>Bandeja de Palma, estas son bandejas circulares hechas en el interior de nuestro país. El material que lo compone es palma, fibra característica del norte Argentino. Más allá de su obvio encanto, nuestra bandeja de palma es un gran aliado para transportar, organizar o decorar. Son de gran durabilidad y fáciles de limpiar. Medidas: 30&#215;8 [&hellip;]</p>

<!-- This site is optimized with the Yoast SEO plugin v26.5 - https://yoast.com/wordpress/plugins/seo/ -->
<title>Bandeja de Palma - Cocon</title>
<meta name="robots" content="noindex, follow, max-snippet:-1, max-image-preview:large, max-video-preview:-1" />
<meta property="og:locale" content="es_ES" />
<meta property="og:type" content="article" />
<meta property="og:title" content="Bandeja de Palma - Cocon" />
<meta property="og:description" content="Bandeja de Palma, estas son bandejas circulares hechas en el interior de nuestro país. El material que lo compone es palma, fibra característica del norte Argentino. Más allá de su obvio encanto, nuestra bandeja de palma es un gran aliado para transportar, organizar o decorar. Son de gran durabilidad y fáciles de limpiar. Medidas: 30&#215;8 [&hellip;]" />
<meta property="og:url" content="https://cocon.com.ar/es/product/bandeja-de-palma/" />
<meta property="og:site_name" content="Cocon" />
<meta property="article:publisher" content="http://facebook.com/cocon.muebles" />
<meta property="article:modified_time" content="2023-08-01T11:48:08+00:00" />
<meta name="twitter:card" content="summary_large_image" />
<script type="application/ld+json" class="yoast-schema-graph">{"@context":"https://schema.org","@graph":[{"@type":"WebPage","@id":"https://cocon.com.ar/product/bandeja-de-palma/","url":"https://cocon.com.ar/product/bandeja-de-palma/","name":"Bandeja de Palma - Cocon","isPartOf":{"@id":"https://cocon.com.ar/#website"},"datePublished":"2023-08-01T11:48:07+00:00","dateModified":"2023-08-01T11:48:08+00:00","breadcrumb":{"@id":"https://cocon.com.ar/product/bandeja-de-palma/#breadcrumb"},"inLanguage":"es-AR","potentialAction":[{"@type":"ReadAction","target":["https://cocon.com.ar/product/bandeja-de-palma/"]}]},{"@type":"BreadcrumbList","@id":"https://cocon.com.ar/product/bandeja-de-palma/#breadcrumb","itemListElement":[{"@type":"ListItem","position":1,"name":"Portada","item":"https://cocon.com.ar/"},{"@type":"ListItem","position":2,"name":"Shop","item":"https://cocon.com.ar/shop/"},{"@type":"ListItem","position":3,"name":"Bandeja de Palma"}]},{"@type":"WebSite","@id":"https://cocon.com.ar/#website","url":"https://cocon.com.ar/","name":"Cocon","description":"Estudio de Interiorismo_ Styling &amp; Deco","publisher":{"@id":"https://cocon.com.ar/#organization"},"potentialAction":[{"@type":"SearchAction","target":{"@type":"EntryPoint","urlTemplate":"https://cocon.com.ar/?s={search_term_string}"},"query-input":{"@type":"PropertyValueSpecification","valueRequired":true,"valueName":"search_term_string"}}],"inLanguage":"es-AR"},{"@type":"Organization","@id":"https://cocon.com.ar/#organization","name":"Cocon","url":"https://cocon.com.ar/","logo":{"@type":"ImageObject","inLanguage":"es-AR","@id":"https://cocon.com.ar/#/schema/logo/image/","url":"https://cocon.com.ar/wp-content/uploads/2023/09/cropped-cropped-ei_1695218943890-removebg-preview.png","contentUrl":"https://cocon.com.ar/wp-content/uploads/2023/09/cropped-cropped-ei_1695218943890-removebg-preview.png","width":512,"height":341,"caption":"Cocon"},"image":{"@id":"https://cocon.com.ar/#/schema/logo/image/"},"sameAs":["http://facebook.com/cocon.muebles","https://www.instagram.com/cocon.deco","https://www.youtube.com/@cocon663"]}]}</script>
<!-- / Yoast SEO plugin. -->

Bandeja de Palma, estas son bandejas circulares hechas en el interior de nuestro país. El material que lo compone es palma, fibra característica del norte Argentino. Más allá de su obvio encanto, nuestra bandeja de palma es un gran aliado para transportar, organizar o decorar. Son de gran durabilidad y fáciles de limpiar. Medidas: 30&#215;8 [&hellip;]
