{"id":2033,"date":"2023-08-01T11:48:15","date_gmt":"2023-08-01T11:48:15","guid":{"rendered":"https:\/\/cocon.com.ar\/?post_type=product&#038;p=2033"},"modified":"2023-09-11T22:37:16","modified_gmt":"2023-09-11T22:37:16","slug":"sillon-cool-gray","status":"publish","type":"product","link":"https:\/\/cocon.com.ar\/es\/product\/sillon-cool-gray\/","title":{"rendered":"Sill\u00f3n Cool Gray"},"content":{"rendered":"<p>Sill\u00f3n Cool Gray<\/p>\n<p>Silla de escritorio para uso intensivo de hasta 8 horas diarias.<\/p>\n<p>Respaldo con cabezal regulable en altura.<br \/>\nMecanismo synchron con freno multiposici\u00f3n para que trabajes con total comodidad.<br \/>\nRegulaci\u00f3n neum\u00e1tica y de tensi\u00f3n para diferentes pesos del usuario.<br \/>\nAsiento de espuma inyectada de 45kg con interior madera multilaminada.<br \/>\nRespaldo de Nylon Gris, revestido con elastic mesh Gris.<br \/>\nApoyabrazos Gris regulables 1D.<br \/>\nApoyo lumbar regulable en altura.<br \/>\nBase EPIN Gris, con ruedas gris banda de goma.<\/p>\n<p>Opcionales:<br \/>\nPercha.<\/p>\n<p>&nbsp;<\/p>","protected":false},"excerpt":{"rendered":"<p>Sill\u00f3n Cool Gray Silla de escritorio para uso intensivo de hasta 8 horas diarias. Respaldo con cabezal regulable en altura. Mecanismo synchron con freno multiposici\u00f3n para que trabajes con total comodidad. Regulaci\u00f3n neum\u00e1tica y de tensi\u00f3n para diferentes pesos del usuario. Asiento de espuma inyectada de 45kg con interior madera multilaminada. Respaldo de Nylon Gris, [&hellip;]<\/p>","protected":false},"featured_media":2908,"comment_status":"closed","ping_status":"closed","template":"","meta":{"inline_featured_image":false,"_joinchat":[]},"product_cat":[184,140],"product_tag":[],"class_list":["post-2033","product","type-product","status-publish","has-post-thumbnail","hentry","product_cat-asientos","product_cat-de-oficina"],"yoast_head":"<!-- This site is optimized with the Yoast SEO plugin v26.5 - https:\/\/yoast.com\/wordpress\/plugins\/seo\/ -->\n<title>Sill\u00f3n Cool Gray - Cocon<\/title>\n<meta name=\"robots\" content=\"noindex, follow, max-snippet:-1, max-image-preview:large, max-video-preview:-1\" \/>\n<meta property=\"og:locale\" content=\"es_ES\" \/>\n<meta property=\"og:type\" content=\"article\" \/>\n<meta property=\"og:title\" content=\"Sill\u00f3n Cool Gray - Cocon\" \/>\n<meta property=\"og:description\" content=\"Sill\u00f3n Cool Gray Silla de escritorio para uso intensivo de hasta 8 horas diarias. Respaldo con cabezal regulable en altura. Mecanismo synchron con freno multiposici\u00f3n para que trabajes con total comodidad. Regulaci\u00f3n neum\u00e1tica y de tensi\u00f3n para diferentes pesos del usuario. Asiento de espuma inyectada de 45kg con interior madera multilaminada. Respaldo de Nylon Gris, [&hellip;]\" \/>\n<meta property=\"og:url\" content=\"https:\/\/cocon.com.ar\/es\/product\/sillon-cool-gray\/\" \/>\n<meta property=\"og:site_name\" content=\"Cocon\" \/>\n<meta property=\"article:publisher\" content=\"http:\/\/facebook.com\/cocon.muebles\" \/>\n<meta property=\"article:modified_time\" content=\"2023-09-11T22:37:16+00:00\" \/>\n<meta property=\"og:image\" content=\"https:\/\/cocon.com.ar\/wp-content\/uploads\/2023\/08\/sillas-de-oficina-4.png\" \/>\n\t<meta property=\"og:image:width\" content=\"600\" \/>\n\t<meta property=\"og:image:height\" content=\"600\" \/>\n\t<meta property=\"og:image:type\" content=\"image\/png\" \/>\n<meta name=\"twitter:card\" content=\"summary_large_image\" \/>\n<meta name=\"twitter:label1\" content=\"Tiempo de lectura\" \/>\n\t<meta name=\"twitter:data1\" content=\"1 minuto\" \/>\n<script type=\"application\/ld+json\" class=\"yoast-schema-graph\">{\"@context\":\"https:\/\/schema.org\",\"@graph\":[{\"@type\":\"WebPage\",\"@id\":\"https:\/\/cocon.com.ar\/product\/sillon-cool-gray\/\",\"url\":\"https:\/\/cocon.com.ar\/product\/sillon-cool-gray\/\",\"name\":\"Sill\u00f3n Cool Gray - Cocon\",\"isPartOf\":{\"@id\":\"https:\/\/cocon.com.ar\/#website\"},\"primaryImageOfPage\":{\"@id\":\"https:\/\/cocon.com.ar\/product\/sillon-cool-gray\/#primaryimage\"},\"image\":{\"@id\":\"https:\/\/cocon.com.ar\/product\/sillon-cool-gray\/#primaryimage\"},\"thumbnailUrl\":\"https:\/\/cocon.com.ar\/wp-content\/uploads\/2023\/08\/sillas-de-oficina-4.png\",\"datePublished\":\"2023-08-01T11:48:15+00:00\",\"dateModified\":\"2023-09-11T22:37:16+00:00\",\"breadcrumb\":{\"@id\":\"https:\/\/cocon.com.ar\/product\/sillon-cool-gray\/#breadcrumb\"},\"inLanguage\":\"es-AR\",\"potentialAction\":[{\"@type\":\"ReadAction\",\"target\":[\"https:\/\/cocon.com.ar\/product\/sillon-cool-gray\/\"]}]},{\"@type\":\"ImageObject\",\"inLanguage\":\"es-AR\",\"@id\":\"https:\/\/cocon.com.ar\/product\/sillon-cool-gray\/#primaryimage\",\"url\":\"https:\/\/cocon.com.ar\/wp-content\/uploads\/2023\/08\/sillas-de-oficina-4.png\",\"contentUrl\":\"https:\/\/cocon.com.ar\/wp-content\/uploads\/2023\/08\/sillas-de-oficina-4.png\",\"width\":600,\"height\":600},{\"@type\":\"BreadcrumbList\",\"@id\":\"https:\/\/cocon.com.ar\/product\/sillon-cool-gray\/#breadcrumb\",\"itemListElement\":[{\"@type\":\"ListItem\",\"position\":1,\"name\":\"Portada\",\"item\":\"https:\/\/cocon.com.ar\/\"},{\"@type\":\"ListItem\",\"position\":2,\"name\":\"Shop\",\"item\":\"https:\/\/cocon.com.ar\/shop\/\"},{\"@type\":\"ListItem\",\"position\":3,\"name\":\"Sill\u00f3n Cool Gray\"}]},{\"@type\":\"WebSite\",\"@id\":\"https:\/\/cocon.com.ar\/#website\",\"url\":\"https:\/\/cocon.com.ar\/\",\"name\":\"Cocon\",\"description\":\"Estudio de Interiorismo_ Styling &amp; Deco\",\"publisher\":{\"@id\":\"https:\/\/cocon.com.ar\/#organization\"},\"potentialAction\":[{\"@type\":\"SearchAction\",\"target\":{\"@type\":\"EntryPoint\",\"urlTemplate\":\"https:\/\/cocon.com.ar\/?s={search_term_string}\"},\"query-input\":{\"@type\":\"PropertyValueSpecification\",\"valueRequired\":true,\"valueName\":\"search_term_string\"}}],\"inLanguage\":\"es-AR\"},{\"@type\":\"Organization\",\"@id\":\"https:\/\/cocon.com.ar\/#organization\",\"name\":\"Cocon\",\"url\":\"https:\/\/cocon.com.ar\/\",\"logo\":{\"@type\":\"ImageObject\",\"inLanguage\":\"es-AR\",\"@id\":\"https:\/\/cocon.com.ar\/#\/schema\/logo\/image\/\",\"url\":\"https:\/\/cocon.com.ar\/wp-content\/uploads\/2023\/09\/cropped-cropped-ei_1695218943890-removebg-preview.png\",\"contentUrl\":\"https:\/\/cocon.com.ar\/wp-content\/uploads\/2023\/09\/cropped-cropped-ei_1695218943890-removebg-preview.png\",\"width\":512,\"height\":341,\"caption\":\"Cocon\"},\"image\":{\"@id\":\"https:\/\/cocon.com.ar\/#\/schema\/logo\/image\/\"},\"sameAs\":[\"http:\/\/facebook.com\/cocon.muebles\",\"https:\/\/www.instagram.com\/cocon.deco\",\"https:\/\/www.youtube.com\/@cocon663\"]}]}<\/script>\n<!-- \/ Yoast SEO plugin. -->","yoast_head_json":{"title":"Sill\u00f3n Cool Gray - Cocon","robots":{"index":"noindex","follow":"follow","max-snippet":"max-snippet:-1","max-image-preview":"max-image-preview:large","max-video-preview":"max-video-preview:-1"},"og_locale":"es_ES","og_type":"article","og_title":"Sill\u00f3n Cool Gray - Cocon","og_description":"Sill\u00f3n Cool Gray Silla de escritorio para uso intensivo de hasta 8 horas diarias. Respaldo con cabezal regulable en altura. Mecanismo synchron con freno multiposici\u00f3n para que trabajes con total comodidad. Regulaci\u00f3n neum\u00e1tica y de tensi\u00f3n para diferentes pesos del usuario. Asiento de espuma inyectada de 45kg con interior madera multilaminada. Respaldo de Nylon Gris, [&hellip;]","og_url":"https:\/\/cocon.com.ar\/es\/product\/sillon-cool-gray\/","og_site_name":"Cocon","article_publisher":"http:\/\/facebook.com\/cocon.muebles","article_modified_time":"2023-09-11T22:37:16+00:00","og_image":[{"width":600,"height":600,"url":"https:\/\/cocon.com.ar\/wp-content\/uploads\/2023\/08\/sillas-de-oficina-4.png","type":"image\/png"}],"twitter_card":"summary_large_image","twitter_misc":{"Tiempo de lectura":"1 minuto"},"schema":{"@context":"https:\/\/schema.org","@graph":[{"@type":"WebPage","@id":"https:\/\/cocon.com.ar\/product\/sillon-cool-gray\/","url":"https:\/\/cocon.com.ar\/product\/sillon-cool-gray\/","name":"Sill\u00f3n Cool Gray - Cocon","isPartOf":{"@id":"https:\/\/cocon.com.ar\/#website"},"primaryImageOfPage":{"@id":"https:\/\/cocon.com.ar\/product\/sillon-cool-gray\/#primaryimage"},"image":{"@id":"https:\/\/cocon.com.ar\/product\/sillon-cool-gray\/#primaryimage"},"thumbnailUrl":"https:\/\/cocon.com.ar\/wp-content\/uploads\/2023\/08\/sillas-de-oficina-4.png","datePublished":"2023-08-01T11:48:15+00:00","dateModified":"2023-09-11T22:37:16+00:00","breadcrumb":{"@id":"https:\/\/cocon.com.ar\/product\/sillon-cool-gray\/#breadcrumb"},"inLanguage":"es-AR","potentialAction":[{"@type":"ReadAction","target":["https:\/\/cocon.com.ar\/product\/sillon-cool-gray\/"]}]},{"@type":"ImageObject","inLanguage":"es-AR","@id":"https:\/\/cocon.com.ar\/product\/sillon-cool-gray\/#primaryimage","url":"https:\/\/cocon.com.ar\/wp-content\/uploads\/2023\/08\/sillas-de-oficina-4.png","contentUrl":"https:\/\/cocon.com.ar\/wp-content\/uploads\/2023\/08\/sillas-de-oficina-4.png","width":600,"height":600},{"@type":"BreadcrumbList","@id":"https:\/\/cocon.com.ar\/product\/sillon-cool-gray\/#breadcrumb","itemListElement":[{"@type":"ListItem","position":1,"name":"Portada","item":"https:\/\/cocon.com.ar\/"},{"@type":"ListItem","position":2,"name":"Shop","item":"https:\/\/cocon.com.ar\/shop\/"},{"@type":"ListItem","position":3,"name":"Sill\u00f3n Cool Gray"}]},{"@type":"WebSite","@id":"https:\/\/cocon.com.ar\/#website","url":"https:\/\/cocon.com.ar\/","name":"Cocon","description":"Estudio de Interiorismo_ Styling &amp; Deco","publisher":{"@id":"https:\/\/cocon.com.ar\/#organization"},"potentialAction":[{"@type":"SearchAction","target":{"@type":"EntryPoint","urlTemplate":"https:\/\/cocon.com.ar\/?s={search_term_string}"},"query-input":{"@type":"PropertyValueSpecification","valueRequired":true,"valueName":"search_term_string"}}],"inLanguage":"es-AR"},{"@type":"Organization","@id":"https:\/\/cocon.com.ar\/#organization","name":"Cocon","url":"https:\/\/cocon.com.ar\/","logo":{"@type":"ImageObject","inLanguage":"es-AR","@id":"https:\/\/cocon.com.ar\/#\/schema\/logo\/image\/","url":"https:\/\/cocon.com.ar\/wp-content\/uploads\/2023\/09\/cropped-cropped-ei_1695218943890-removebg-preview.png","contentUrl":"https:\/\/cocon.com.ar\/wp-content\/uploads\/2023\/09\/cropped-cropped-ei_1695218943890-removebg-preview.png","width":512,"height":341,"caption":"Cocon"},"image":{"@id":"https:\/\/cocon.com.ar\/#\/schema\/logo\/image\/"},"sameAs":["http:\/\/facebook.com\/cocon.muebles","https:\/\/www.instagram.com\/cocon.deco","https:\/\/www.youtube.com\/@cocon663"]}]}},"_links":{"self":[{"href":"https:\/\/cocon.com.ar\/es\/wp-json\/wp\/v2\/product\/2033","targetHints":{"allow":["GET"]}}],"collection":[{"href":"https:\/\/cocon.com.ar\/es\/wp-json\/wp\/v2\/product"}],"about":[{"href":"https:\/\/cocon.com.ar\/es\/wp-json\/wp\/v2\/types\/product"}],"replies":[{"embeddable":true,"href":"https:\/\/cocon.com.ar\/es\/wp-json\/wp\/v2\/comments?post=2033"}],"wp:featuredmedia":[{"embeddable":true,"href":"https:\/\/cocon.com.ar\/es\/wp-json\/wp\/v2\/media\/2908"}],"wp:attachment":[{"href":"https:\/\/cocon.com.ar\/es\/wp-json\/wp\/v2\/media?parent=2033"}],"wp:term":[{"taxonomy":"product_cat","embeddable":true,"href":"https:\/\/cocon.com.ar\/es\/wp-json\/wp\/v2\/product_cat?post=2033"},{"taxonomy":"product_tag","embeddable":true,"href":"https:\/\/cocon.com.ar\/es\/wp-json\/wp\/v2\/product_tag?post=2033"}],"curies":[{"name":"wp","href":"https:\/\/api.w.org\/{rel}","templated":true}]}}

Sillón Cool Gray

<p>Sillón Cool Gray</p>
<p>Silla de escritorio para uso intensivo de hasta 8 horas diarias.</p>
<p>Respaldo con cabezal regulable en altura.<br />
Mecanismo synchron con freno multiposición para que trabajes con total comodidad.<br />
Regulación neumática y de tensión para diferentes pesos del usuario.<br />
Asiento de espuma inyectada de 45kg con interior madera multilaminada.<br />
Respaldo de Nylon Gris, revestido con elastic mesh Gris.<br />
Apoyabrazos Gris regulables 1D.<br />
Apoyo lumbar regulable en altura.<br />
Base EPIN Gris, con ruedas gris banda de goma.</p>
<p>Opcionales:<br />
Percha.</p>
<p>&nbsp;</p>

<p>Sillón Cool Gray Silla de escritorio para uso intensivo de hasta 8 horas diarias. Respaldo con cabezal regulable en altura. Mecanismo synchron con freno multiposición para que trabajes con total comodidad. Regulación neumática y de tensión para diferentes pesos del usuario. Asiento de espuma inyectada de 45kg con interior madera multilaminada. Respaldo de Nylon Gris, [&hellip;]</p>

<!-- This site is optimized with the Yoast SEO plugin v26.5 - https://yoast.com/wordpress/plugins/seo/ -->
<title>Sillón Cool Gray - Cocon</title>
<meta name="robots" content="noindex, follow, max-snippet:-1, max-image-preview:large, max-video-preview:-1" />
<meta property="og:locale" content="es_ES" />
<meta property="og:type" content="article" />
<meta property="og:title" content="Sillón Cool Gray - Cocon" />
<meta property="og:description" content="Sillón Cool Gray Silla de escritorio para uso intensivo de hasta 8 horas diarias. Respaldo con cabezal regulable en altura. Mecanismo synchron con freno multiposición para que trabajes con total comodidad. Regulación neumática y de tensión para diferentes pesos del usuario. Asiento de espuma inyectada de 45kg con interior madera multilaminada. Respaldo de Nylon Gris, [&hellip;]" />
<meta property="og:url" content="https://cocon.com.ar/es/product/sillon-cool-gray/" />
<meta property="og:site_name" content="Cocon" />
<meta property="article:publisher" content="http://facebook.com/cocon.muebles" />
<meta property="article:modified_time" content="2023-09-11T22:37:16+00:00" />
<meta property="og:image" content="https://cocon.com.ar/wp-content/uploads/2023/08/sillas-de-oficina-4.png" />
	<meta property="og:image:width" content="600" />
	<meta property="og:image:height" content="600" />
	<meta property="og:image:type" content="image/png" />
<meta name="twitter:card" content="summary_large_image" />
<meta name="twitter:label1" content="Tiempo de lectura" />
	<meta name="twitter:data1" content="1 minuto" />
<script type="application/ld+json" class="yoast-schema-graph">{"@context":"https://schema.org","@graph":[{"@type":"WebPage","@id":"https://cocon.com.ar/product/sillon-cool-gray/","url":"https://cocon.com.ar/product/sillon-cool-gray/","name":"Sillón Cool Gray - Cocon","isPartOf":{"@id":"https://cocon.com.ar/#website"},"primaryImageOfPage":{"@id":"https://cocon.com.ar/product/sillon-cool-gray/#primaryimage"},"image":{"@id":"https://cocon.com.ar/product/sillon-cool-gray/#primaryimage"},"thumbnailUrl":"https://cocon.com.ar/wp-content/uploads/2023/08/sillas-de-oficina-4.png","datePublished":"2023-08-01T11:48:15+00:00","dateModified":"2023-09-11T22:37:16+00:00","breadcrumb":{"@id":"https://cocon.com.ar/product/sillon-cool-gray/#breadcrumb"},"inLanguage":"es-AR","potentialAction":[{"@type":"ReadAction","target":["https://cocon.com.ar/product/sillon-cool-gray/"]}]},{"@type":"ImageObject","inLanguage":"es-AR","@id":"https://cocon.com.ar/product/sillon-cool-gray/#primaryimage","url":"https://cocon.com.ar/wp-content/uploads/2023/08/sillas-de-oficina-4.png","contentUrl":"https://cocon.com.ar/wp-content/uploads/2023/08/sillas-de-oficina-4.png","width":600,"height":600},{"@type":"BreadcrumbList","@id":"https://cocon.com.ar/product/sillon-cool-gray/#breadcrumb","itemListElement":[{"@type":"ListItem","position":1,"name":"Portada","item":"https://cocon.com.ar/"},{"@type":"ListItem","position":2,"name":"Shop","item":"https://cocon.com.ar/shop/"},{"@type":"ListItem","position":3,"name":"Sillón Cool Gray"}]},{"@type":"WebSite","@id":"https://cocon.com.ar/#website","url":"https://cocon.com.ar/","name":"Cocon","description":"Estudio de Interiorismo_ Styling &amp; Deco","publisher":{"@id":"https://cocon.com.ar/#organization"},"potentialAction":[{"@type":"SearchAction","target":{"@type":"EntryPoint","urlTemplate":"https://cocon.com.ar/?s={search_term_string}"},"query-input":{"@type":"PropertyValueSpecification","valueRequired":true,"valueName":"search_term_string"}}],"inLanguage":"es-AR"},{"@type":"Organization","@id":"https://cocon.com.ar/#organization","name":"Cocon","url":"https://cocon.com.ar/","logo":{"@type":"ImageObject","inLanguage":"es-AR","@id":"https://cocon.com.ar/#/schema/logo/image/","url":"https://cocon.com.ar/wp-content/uploads/2023/09/cropped-cropped-ei_1695218943890-removebg-preview.png","contentUrl":"https://cocon.com.ar/wp-content/uploads/2023/09/cropped-cropped-ei_1695218943890-removebg-preview.png","width":512,"height":341,"caption":"Cocon"},"image":{"@id":"https://cocon.com.ar/#/schema/logo/image/"},"sameAs":["http://facebook.com/cocon.muebles","https://www.instagram.com/cocon.deco","https://www.youtube.com/@cocon663"]}]}</script>
<!-- / Yoast SEO plugin. -->

Sillón Cool Gray - Cocon

Sillón Cool Gray Silla de escritorio para uso intensivo de hasta 8 horas diarias. Respaldo con cabezal regulable en altura. Mecanismo synchron con freno multiposición para que trabajes con total comodidad. Regulación neumática y de tensión para diferentes pesos del usuario. Asiento de espuma inyectada de 45kg con interior madera multilaminada. Respaldo de Nylon Gris, [&hellip;]
