{"id":2368,"date":"2023-09-06T17:15:41","date_gmt":"2023-09-06T17:15:41","guid":{"rendered":"https:\/\/cocon.com.ar\/?post_type=product&#038;p=2368"},"modified":"2023-09-13T13:56:04","modified_gmt":"2023-09-13T13:56:04","slug":"silla-prana-2","status":"publish","type":"product","link":"https:\/\/cocon.com.ar\/es\/product\/silla-prana-2\/","title":{"rendered":"Silla Prana"},"content":{"rendered":"<p>Silla Prana<\/p>\n<p>La Silla Prana de estilo industrial entramada en cintas de pol\u00edmeros, es la acompa\u00f1ante ideal para tu Mesa de comedor o quincho, ya que son aptas interior y exterior.<br \/>\nAsiento con tejido artesanal en cintas de pol\u00edmeros con protecci\u00f3n UV.<br \/>\nEstructura met\u00e1lica esmaltada en polvo polyester.<br \/>\nSon apilables, 4 versiones integran la colecci\u00f3n: silla simple, silla con respaldo amplio, sill\u00f3n y banqueta.<br \/>\nPara uso exterior e interior.<\/p>\n<p>Colores: Estructura: Blanco. Aguamarina. Turquesa. Dorado. Grafito. Rojo. Negro.<br \/>\nTejido: Turquesa. Dorado. Rojo. Negro. Oliva. Naranja.<br \/>\nC\u00f3modas y vers\u00e1tiles, se adaptan a todos los ambientes y estilos.<br \/>\nEsta silla industrial tiene un dise\u00f1o innovador, el cual combina perfectamente con nuestra mesa cruz &amp; mesa valentino realizadas en madera maciza con estructura en hierro y\/\u00f3 madera. Este modelo tiene su origen en el dise\u00f1o de mobiliario incaico, a finales de la d\u00e9cada del 60 y 70. El tejido en soga de pol\u00edmeros permite un buen uso en cualquier ambiente. Para Comedor, para salones de eventos, bares, el quincho de tu casa o una galer\u00eda visten el ambiente y combinan con el hierro de la mesa, la iluminaci\u00f3n y objetos decorativos varios en yute o ratan.<\/p>\n<p>Silla Estilo Industrial<br \/>\nEsta silla est\u00e1 confeccionada en hierro y tejida en cinta de pol\u00edmeros en dos colores posibles, Color negro y color beige, es la acompa\u00f1ante ideal de tu mesa de comedor o galer\u00eda, ya que son aptas interior como exterior.<br \/>\nC\u00f3modas y vers\u00e1tiles, se adaptan a todos los ambientes y estilos. Miles de resto y bares est\u00e1n usando nuestras sillas de modelo industrial por su forma de apilar y su comodidad. tienen un peso de 7 kilos, y resisten casi 180 kilos de peso, se tensan de forma artesanal y a mano una por una. Su realizaci\u00f3n requiere de precisi\u00f3n y de pericia en la terminaci\u00f3n. Somos fabricantes directos y contamos con stock constantemente. Podemos realizar otros modelos de sillas, banquetas y sillones como ver\u00e1s en productos relacionados. Como la banqueta prana o el sillon prana.<\/p>\n<p>MATERIALES:<br \/>\nEstructura de 1\/2\u2033 de primera calidad.<br \/>\nEl tratamiento de pintura es por proceso electrost\u00e1tico sometiendo la pintura a altas temperaturas para su secado, lo que permite su uso tanto en interior como en exterior.<br \/>\nTejidas con cinta de pol\u00edmeros y estructura met\u00e1lica esmaltada en polvo polyester.<br \/>\nColores Disponibles: Blanco. Aguamarina. Turquesa. Dorado. Grafito. Rojo. Negro.<br \/>\nTejido: Turquesa. Dorado. Rojo. Negro. Oliva. Naranja.<br \/>\nSillas Apilables<br \/>\nIncluye topetinas.<br \/>\nPeso: 3,250kg<\/p>\n<p>MEDIDAS:<br \/>\nAncho asiento: 43,3<br \/>\nProfundidad: 55,9<br \/>\nAncho respaldo:54,9<br \/>\nAltura asiento: 45,5<br \/>\nAltura total:77,6<\/p>","protected":false},"excerpt":{"rendered":"<p>Silla Prana La Silla Prana de estilo industrial entramada en cintas de pol\u00edmeros, es la acompa\u00f1ante ideal para tu Mesa de comedor o quincho, ya que son aptas interior y exterior. Asiento con tejido artesanal en cintas de pol\u00edmeros con protecci\u00f3n UV. Estructura met\u00e1lica esmaltada en polvo polyester. Son apilables, 4 versiones integran la colecci\u00f3n: [&hellip;]<\/p>","protected":false},"featured_media":2369,"comment_status":"closed","ping_status":"closed","template":"","meta":{"inline_featured_image":false,"_joinchat":[]},"product_cat":[138,134],"product_tag":[197,155,156,148,189,196,191,195],"class_list":["post-2368","product","type-product","status-publish","has-post-thumbnail","hentry","product_cat-comedor","product_cat-sillas","product_tag-diseno","product_tag-exterior","product_tag-galerias","product_tag-interior","product_tag-silla-de-diseno","product_tag-silla-industrial","product_tag-silla-interior","product_tag-silla-prana"],"yoast_head":"<!-- This site is optimized with the Yoast SEO plugin v26.5 - https:\/\/yoast.com\/wordpress\/plugins\/seo\/ -->\n<title>Silla Prana - Cocon - Somos Fabricantes - Cocon - Silla Prana<\/title>\n<meta name=\"description\" content=\"\u00a1Incre\u00edble silla industrial! No te pierdas la oportunidad de tener las tuyas. ingresa a nuestra tienda para ver colores y m\u00e1s modelos. Consultar por stock!\" \/>\n<meta name=\"robots\" content=\"noindex, follow, max-snippet:-1, max-image-preview:large, max-video-preview:-1\" \/>\n<meta property=\"og:locale\" content=\"es_ES\" \/>\n<meta property=\"og:type\" content=\"article\" \/>\n<meta property=\"og:title\" content=\"Silla Prana - Cocon - Somos Fabricantes - Cocon - Silla Prana\" \/>\n<meta property=\"og:description\" content=\"\u00a1Incre\u00edble silla industrial! No te pierdas la oportunidad de tener las tuyas. ingresa a nuestra tienda para ver colores y m\u00e1s modelos. Consultar por stock!\" \/>\n<meta property=\"og:url\" content=\"https:\/\/cocon.com.ar\/es\/product\/silla-prana-2\/\" \/>\n<meta property=\"og:site_name\" content=\"Cocon\" \/>\n<meta property=\"article:publisher\" content=\"http:\/\/facebook.com\/cocon.muebles\" \/>\n<meta property=\"article:modified_time\" content=\"2023-09-13T13:56:04+00:00\" \/>\n<meta property=\"og:image\" content=\"https:\/\/cocon.com.ar\/wp-content\/uploads\/2023\/09\/Portada-Silla-Prana-1.png\" \/>\n\t<meta property=\"og:image:width\" content=\"600\" \/>\n\t<meta property=\"og:image:height\" content=\"600\" \/>\n\t<meta property=\"og:image:type\" content=\"image\/png\" \/>\n<meta name=\"twitter:card\" content=\"summary_large_image\" \/>\n<meta name=\"twitter:label1\" content=\"Tiempo de lectura\" \/>\n\t<meta name=\"twitter:data1\" content=\"2 minutos\" \/>\n<script type=\"application\/ld+json\" class=\"yoast-schema-graph\">{\"@context\":\"https:\/\/schema.org\",\"@graph\":[{\"@type\":\"WebPage\",\"@id\":\"https:\/\/cocon.com.ar\/product\/silla-prana-2\/\",\"url\":\"https:\/\/cocon.com.ar\/product\/silla-prana-2\/\",\"name\":\"Silla Prana - Cocon - Somos Fabricantes - Cocon - Silla Prana\",\"isPartOf\":{\"@id\":\"https:\/\/cocon.com.ar\/#website\"},\"primaryImageOfPage\":{\"@id\":\"https:\/\/cocon.com.ar\/product\/silla-prana-2\/#primaryimage\"},\"image\":{\"@id\":\"https:\/\/cocon.com.ar\/product\/silla-prana-2\/#primaryimage\"},\"thumbnailUrl\":\"https:\/\/cocon.com.ar\/wp-content\/uploads\/2023\/09\/Portada-Silla-Prana-1.png\",\"datePublished\":\"2023-09-06T17:15:41+00:00\",\"dateModified\":\"2023-09-13T13:56:04+00:00\",\"description\":\"\u00a1Incre\u00edble silla industrial! No te pierdas la oportunidad de tener las tuyas. ingresa a nuestra tienda para ver colores y m\u00e1s modelos. Consultar por stock!\",\"breadcrumb\":{\"@id\":\"https:\/\/cocon.com.ar\/product\/silla-prana-2\/#breadcrumb\"},\"inLanguage\":\"es-AR\",\"potentialAction\":[{\"@type\":\"ReadAction\",\"target\":[\"https:\/\/cocon.com.ar\/product\/silla-prana-2\/\"]}]},{\"@type\":\"ImageObject\",\"inLanguage\":\"es-AR\",\"@id\":\"https:\/\/cocon.com.ar\/product\/silla-prana-2\/#primaryimage\",\"url\":\"https:\/\/cocon.com.ar\/wp-content\/uploads\/2023\/09\/Portada-Silla-Prana-1.png\",\"contentUrl\":\"https:\/\/cocon.com.ar\/wp-content\/uploads\/2023\/09\/Portada-Silla-Prana-1.png\",\"width\":600,\"height\":600},{\"@type\":\"BreadcrumbList\",\"@id\":\"https:\/\/cocon.com.ar\/product\/silla-prana-2\/#breadcrumb\",\"itemListElement\":[{\"@type\":\"ListItem\",\"position\":1,\"name\":\"Portada\",\"item\":\"https:\/\/cocon.com.ar\/\"},{\"@type\":\"ListItem\",\"position\":2,\"name\":\"Shop\",\"item\":\"https:\/\/cocon.com.ar\/shop\/\"},{\"@type\":\"ListItem\",\"position\":3,\"name\":\"Silla Prana\"}]},{\"@type\":\"WebSite\",\"@id\":\"https:\/\/cocon.com.ar\/#website\",\"url\":\"https:\/\/cocon.com.ar\/\",\"name\":\"Cocon\",\"description\":\"Estudio de Interiorismo_ Styling &amp; Deco\",\"publisher\":{\"@id\":\"https:\/\/cocon.com.ar\/#organization\"},\"potentialAction\":[{\"@type\":\"SearchAction\",\"target\":{\"@type\":\"EntryPoint\",\"urlTemplate\":\"https:\/\/cocon.com.ar\/?s={search_term_string}\"},\"query-input\":{\"@type\":\"PropertyValueSpecification\",\"valueRequired\":true,\"valueName\":\"search_term_string\"}}],\"inLanguage\":\"es-AR\"},{\"@type\":\"Organization\",\"@id\":\"https:\/\/cocon.com.ar\/#organization\",\"name\":\"Cocon\",\"url\":\"https:\/\/cocon.com.ar\/\",\"logo\":{\"@type\":\"ImageObject\",\"inLanguage\":\"es-AR\",\"@id\":\"https:\/\/cocon.com.ar\/#\/schema\/logo\/image\/\",\"url\":\"https:\/\/cocon.com.ar\/wp-content\/uploads\/2023\/09\/cropped-cropped-ei_1695218943890-removebg-preview.png\",\"contentUrl\":\"https:\/\/cocon.com.ar\/wp-content\/uploads\/2023\/09\/cropped-cropped-ei_1695218943890-removebg-preview.png\",\"width\":512,\"height\":341,\"caption\":\"Cocon\"},\"image\":{\"@id\":\"https:\/\/cocon.com.ar\/#\/schema\/logo\/image\/\"},\"sameAs\":[\"http:\/\/facebook.com\/cocon.muebles\",\"https:\/\/www.instagram.com\/cocon.deco\",\"https:\/\/www.youtube.com\/@cocon663\"]}]}<\/script>\n<!-- \/ Yoast SEO plugin. -->","yoast_head_json":{"title":"Silla Prana - Cocon - Somos Fabricantes - Cocon - Silla Prana","description":"\u00a1Incre\u00edble silla industrial! No te pierdas la oportunidad de tener las tuyas. ingresa a nuestra tienda para ver colores y m\u00e1s modelos. Consultar por stock!","robots":{"index":"noindex","follow":"follow","max-snippet":"max-snippet:-1","max-image-preview":"max-image-preview:large","max-video-preview":"max-video-preview:-1"},"og_locale":"es_ES","og_type":"article","og_title":"Silla Prana - Cocon - Somos Fabricantes - Cocon - Silla Prana","og_description":"\u00a1Incre\u00edble silla industrial! No te pierdas la oportunidad de tener las tuyas. ingresa a nuestra tienda para ver colores y m\u00e1s modelos. Consultar por stock!","og_url":"https:\/\/cocon.com.ar\/es\/product\/silla-prana-2\/","og_site_name":"Cocon","article_publisher":"http:\/\/facebook.com\/cocon.muebles","article_modified_time":"2023-09-13T13:56:04+00:00","og_image":[{"width":600,"height":600,"url":"https:\/\/cocon.com.ar\/wp-content\/uploads\/2023\/09\/Portada-Silla-Prana-1.png","type":"image\/png"}],"twitter_card":"summary_large_image","twitter_misc":{"Tiempo de lectura":"2 minutos"},"schema":{"@context":"https:\/\/schema.org","@graph":[{"@type":"WebPage","@id":"https:\/\/cocon.com.ar\/product\/silla-prana-2\/","url":"https:\/\/cocon.com.ar\/product\/silla-prana-2\/","name":"Silla Prana - Cocon - Somos Fabricantes - Cocon - Silla Prana","isPartOf":{"@id":"https:\/\/cocon.com.ar\/#website"},"primaryImageOfPage":{"@id":"https:\/\/cocon.com.ar\/product\/silla-prana-2\/#primaryimage"},"image":{"@id":"https:\/\/cocon.com.ar\/product\/silla-prana-2\/#primaryimage"},"thumbnailUrl":"https:\/\/cocon.com.ar\/wp-content\/uploads\/2023\/09\/Portada-Silla-Prana-1.png","datePublished":"2023-09-06T17:15:41+00:00","dateModified":"2023-09-13T13:56:04+00:00","description":"\u00a1Incre\u00edble silla industrial! No te pierdas la oportunidad de tener las tuyas. ingresa a nuestra tienda para ver colores y m\u00e1s modelos. Consultar por stock!","breadcrumb":{"@id":"https:\/\/cocon.com.ar\/product\/silla-prana-2\/#breadcrumb"},"inLanguage":"es-AR","potentialAction":[{"@type":"ReadAction","target":["https:\/\/cocon.com.ar\/product\/silla-prana-2\/"]}]},{"@type":"ImageObject","inLanguage":"es-AR","@id":"https:\/\/cocon.com.ar\/product\/silla-prana-2\/#primaryimage","url":"https:\/\/cocon.com.ar\/wp-content\/uploads\/2023\/09\/Portada-Silla-Prana-1.png","contentUrl":"https:\/\/cocon.com.ar\/wp-content\/uploads\/2023\/09\/Portada-Silla-Prana-1.png","width":600,"height":600},{"@type":"BreadcrumbList","@id":"https:\/\/cocon.com.ar\/product\/silla-prana-2\/#breadcrumb","itemListElement":[{"@type":"ListItem","position":1,"name":"Portada","item":"https:\/\/cocon.com.ar\/"},{"@type":"ListItem","position":2,"name":"Shop","item":"https:\/\/cocon.com.ar\/shop\/"},{"@type":"ListItem","position":3,"name":"Silla Prana"}]},{"@type":"WebSite","@id":"https:\/\/cocon.com.ar\/#website","url":"https:\/\/cocon.com.ar\/","name":"Cocon","description":"Estudio de Interiorismo_ Styling &amp; Deco","publisher":{"@id":"https:\/\/cocon.com.ar\/#organization"},"potentialAction":[{"@type":"SearchAction","target":{"@type":"EntryPoint","urlTemplate":"https:\/\/cocon.com.ar\/?s={search_term_string}"},"query-input":{"@type":"PropertyValueSpecification","valueRequired":true,"valueName":"search_term_string"}}],"inLanguage":"es-AR"},{"@type":"Organization","@id":"https:\/\/cocon.com.ar\/#organization","name":"Cocon","url":"https:\/\/cocon.com.ar\/","logo":{"@type":"ImageObject","inLanguage":"es-AR","@id":"https:\/\/cocon.com.ar\/#\/schema\/logo\/image\/","url":"https:\/\/cocon.com.ar\/wp-content\/uploads\/2023\/09\/cropped-cropped-ei_1695218943890-removebg-preview.png","contentUrl":"https:\/\/cocon.com.ar\/wp-content\/uploads\/2023\/09\/cropped-cropped-ei_1695218943890-removebg-preview.png","width":512,"height":341,"caption":"Cocon"},"image":{"@id":"https:\/\/cocon.com.ar\/#\/schema\/logo\/image\/"},"sameAs":["http:\/\/facebook.com\/cocon.muebles","https:\/\/www.instagram.com\/cocon.deco","https:\/\/www.youtube.com\/@cocon663"]}]}},"_links":{"self":[{"href":"https:\/\/cocon.com.ar\/es\/wp-json\/wp\/v2\/product\/2368","targetHints":{"allow":["GET"]}}],"collection":[{"href":"https:\/\/cocon.com.ar\/es\/wp-json\/wp\/v2\/product"}],"about":[{"href":"https:\/\/cocon.com.ar\/es\/wp-json\/wp\/v2\/types\/product"}],"replies":[{"embeddable":true,"href":"https:\/\/cocon.com.ar\/es\/wp-json\/wp\/v2\/comments?post=2368"}],"wp:featuredmedia":[{"embeddable":true,"href":"https:\/\/cocon.com.ar\/es\/wp-json\/wp\/v2\/media\/2369"}],"wp:attachment":[{"href":"https:\/\/cocon.com.ar\/es\/wp-json\/wp\/v2\/media?parent=2368"}],"wp:term":[{"taxonomy":"product_cat","embeddable":true,"href":"https:\/\/cocon.com.ar\/es\/wp-json\/wp\/v2\/product_cat?post=2368"},{"taxonomy":"product_tag","embeddable":true,"href":"https:\/\/cocon.com.ar\/es\/wp-json\/wp\/v2\/product_tag?post=2368"}],"curies":[{"name":"wp","href":"https:\/\/api.w.org\/{rel}","templated":true}]}}

<p>Silla Prana</p>
<p>La Silla Prana de estilo industrial entramada en cintas de polímeros, es la acompañante ideal para tu Mesa de comedor o quincho, ya que son aptas interior y exterior.<br />
Asiento con tejido artesanal en cintas de polímeros con protección UV.<br />
Estructura metálica esmaltada en polvo polyester.<br />
Son apilables, 4 versiones integran la colección: silla simple, silla con respaldo amplio, sillón y banqueta.<br />
Para uso exterior e interior.</p>
<p>Colores: Estructura: Blanco. Aguamarina. Turquesa. Dorado. Grafito. Rojo. Negro.<br />
Tejido: Turquesa. Dorado. Rojo. Negro. Oliva. Naranja.<br />
Cómodas y versátiles, se adaptan a todos los ambientes y estilos.<br />
Esta silla industrial tiene un diseño innovador, el cual combina perfectamente con nuestra mesa cruz &amp; mesa valentino realizadas en madera maciza con estructura en hierro y/ó madera. Este modelo tiene su origen en el diseño de mobiliario incaico, a finales de la década del 60 y 70. El tejido en soga de polímeros permite un buen uso en cualquier ambiente. Para Comedor, para salones de eventos, bares, el quincho de tu casa o una galería visten el ambiente y combinan con el hierro de la mesa, la iluminación y objetos decorativos varios en yute o ratan.</p>
<p>Silla Estilo Industrial<br />
Esta silla está confeccionada en hierro y tejida en cinta de polímeros en dos colores posibles, Color negro y color beige, es la acompañante ideal de tu mesa de comedor o galería, ya que son aptas interior como exterior.<br />
Cómodas y versátiles, se adaptan a todos los ambientes y estilos. Miles de resto y bares están usando nuestras sillas de modelo industrial por su forma de apilar y su comodidad. tienen un peso de 7 kilos, y resisten casi 180 kilos de peso, se tensan de forma artesanal y a mano una por una. Su realización requiere de precisión y de pericia en la terminación. Somos fabricantes directos y contamos con stock constantemente. Podemos realizar otros modelos de sillas, banquetas y sillones como verás en productos relacionados. Como la banqueta prana o el sillon prana.</p>
<p>MATERIALES:<br />
Estructura de 1/2″ de primera calidad.<br />
El tratamiento de pintura es por proceso electrostático sometiendo la pintura a altas temperaturas para su secado, lo que permite su uso tanto en interior como en exterior.<br />
Tejidas con cinta de polímeros y estructura metálica esmaltada en polvo polyester.<br />
Colores Disponibles: Blanco. Aguamarina. Turquesa. Dorado. Grafito. Rojo. Negro.<br />
Tejido: Turquesa. Dorado. Rojo. Negro. Oliva. Naranja.<br />
Sillas Apilables<br />
Incluye topetinas.<br />
Peso: 3,250kg</p>
<p>MEDIDAS:<br />
Ancho asiento: 43,3<br />
Profundidad: 55,9<br />
Ancho respaldo:54,9<br />
Altura asiento: 45,5<br />
Altura total:77,6</p>

<p>Silla Prana La Silla Prana de estilo industrial entramada en cintas de polímeros, es la acompañante ideal para tu Mesa de comedor o quincho, ya que son aptas interior y exterior. Asiento con tejido artesanal en cintas de polímeros con protección UV. Estructura metálica esmaltada en polvo polyester. Son apilables, 4 versiones integran la colección: [&hellip;]</p>

<!-- This site is optimized with the Yoast SEO plugin v26.5 - https://yoast.com/wordpress/plugins/seo/ -->
<title>Silla Prana - Cocon - Somos Fabricantes - Cocon - Silla Prana</title>
<meta name="description" content="¡Increíble silla industrial! No te pierdas la oportunidad de tener las tuyas. ingresa a nuestra tienda para ver colores y más modelos. Consultar por stock!" />
<meta name="robots" content="noindex, follow, max-snippet:-1, max-image-preview:large, max-video-preview:-1" />
<meta property="og:locale" content="es_ES" />
<meta property="og:type" content="article" />
<meta property="og:title" content="Silla Prana - Cocon - Somos Fabricantes - Cocon - Silla Prana" />
<meta property="og:description" content="¡Increíble silla industrial! No te pierdas la oportunidad de tener las tuyas. ingresa a nuestra tienda para ver colores y más modelos. Consultar por stock!" />
<meta property="og:url" content="https://cocon.com.ar/es/product/silla-prana-2/" />
<meta property="og:site_name" content="Cocon" />
<meta property="article:publisher" content="http://facebook.com/cocon.muebles" />
<meta property="article:modified_time" content="2023-09-13T13:56:04+00:00" />
<meta property="og:image" content="https://cocon.com.ar/wp-content/uploads/2023/09/Portada-Silla-Prana-1.png" />
	<meta property="og:image:width" content="600" />
	<meta property="og:image:height" content="600" />
	<meta property="og:image:type" content="image/png" />
<meta name="twitter:card" content="summary_large_image" />
<meta name="twitter:label1" content="Tiempo de lectura" />
	<meta name="twitter:data1" content="2 minutos" />
<script type="application/ld+json" class="yoast-schema-graph">{"@context":"https://schema.org","@graph":[{"@type":"WebPage","@id":"https://cocon.com.ar/product/silla-prana-2/","url":"https://cocon.com.ar/product/silla-prana-2/","name":"Silla Prana - Cocon - Somos Fabricantes - Cocon - Silla Prana","isPartOf":{"@id":"https://cocon.com.ar/#website"},"primaryImageOfPage":{"@id":"https://cocon.com.ar/product/silla-prana-2/#primaryimage"},"image":{"@id":"https://cocon.com.ar/product/silla-prana-2/#primaryimage"},"thumbnailUrl":"https://cocon.com.ar/wp-content/uploads/2023/09/Portada-Silla-Prana-1.png","datePublished":"2023-09-06T17:15:41+00:00","dateModified":"2023-09-13T13:56:04+00:00","description":"¡Increíble silla industrial! No te pierdas la oportunidad de tener las tuyas. ingresa a nuestra tienda para ver colores y más modelos. Consultar por stock!","breadcrumb":{"@id":"https://cocon.com.ar/product/silla-prana-2/#breadcrumb"},"inLanguage":"es-AR","potentialAction":[{"@type":"ReadAction","target":["https://cocon.com.ar/product/silla-prana-2/"]}]},{"@type":"ImageObject","inLanguage":"es-AR","@id":"https://cocon.com.ar/product/silla-prana-2/#primaryimage","url":"https://cocon.com.ar/wp-content/uploads/2023/09/Portada-Silla-Prana-1.png","contentUrl":"https://cocon.com.ar/wp-content/uploads/2023/09/Portada-Silla-Prana-1.png","width":600,"height":600},{"@type":"BreadcrumbList","@id":"https://cocon.com.ar/product/silla-prana-2/#breadcrumb","itemListElement":[{"@type":"ListItem","position":1,"name":"Portada","item":"https://cocon.com.ar/"},{"@type":"ListItem","position":2,"name":"Shop","item":"https://cocon.com.ar/shop/"},{"@type":"ListItem","position":3,"name":"Silla Prana"}]},{"@type":"WebSite","@id":"https://cocon.com.ar/#website","url":"https://cocon.com.ar/","name":"Cocon","description":"Estudio de Interiorismo_ Styling &amp; Deco","publisher":{"@id":"https://cocon.com.ar/#organization"},"potentialAction":[{"@type":"SearchAction","target":{"@type":"EntryPoint","urlTemplate":"https://cocon.com.ar/?s={search_term_string}"},"query-input":{"@type":"PropertyValueSpecification","valueRequired":true,"valueName":"search_term_string"}}],"inLanguage":"es-AR"},{"@type":"Organization","@id":"https://cocon.com.ar/#organization","name":"Cocon","url":"https://cocon.com.ar/","logo":{"@type":"ImageObject","inLanguage":"es-AR","@id":"https://cocon.com.ar/#/schema/logo/image/","url":"https://cocon.com.ar/wp-content/uploads/2023/09/cropped-cropped-ei_1695218943890-removebg-preview.png","contentUrl":"https://cocon.com.ar/wp-content/uploads/2023/09/cropped-cropped-ei_1695218943890-removebg-preview.png","width":512,"height":341,"caption":"Cocon"},"image":{"@id":"https://cocon.com.ar/#/schema/logo/image/"},"sameAs":["http://facebook.com/cocon.muebles","https://www.instagram.com/cocon.deco","https://www.youtube.com/@cocon663"]}]}</script>
<!-- / Yoast SEO plugin. -->

¡Increíble silla industrial! No te pierdas la oportunidad de tener las tuyas. ingresa a nuestra tienda para ver colores y más modelos. Consultar por stock!
